Daily Noaa Report Mese


Daily NOAA report
                            MONTHLY CLIMATOLOGICAL SUMMARY for MAR. 2015

NAME: CEFALU'   CITY: Cefalů STATE: ITALIA
ELEV: 92 M LAT: 38.01  : LONG: 14.01

                            TEMPERATURE ( °C), RAIN (mm), WIND SPEED (kmh)

                                               HEAT     COOL           AVG
      MEAN                                     DEG      DEG            WIND                       DOM
DAY   TEMP    HIGH   TIME     LOW    TIME      DAYS     DAYS    RAIN   SPEED    HIGH    TIME      DIR
----------------------------------------------------------------------------------------------------------------------------------------------------------
01    10.7    13.6   14:02    08.6   05:39     07.6     00.0    00.0   04.6     13.0    23:52     SSW
02    13.1    20.4   23:58    08.7   04:26     05.2     00.0    00.0   09.8     42.6    20:49      SW
03    17.4    20.6   00:20    13.6   21:07     00.9     00.0    00.0   13.0     38.9    03:09     WSW
04    14.8    19.9   23:54    12.4   04:12     03.5     00.0    00.0   03.9     13.0    21:51      E 
05    12.5    22.4   01:13    08.1   21:53     05.8     00.0    05.1   26.6     64.8    18:36      SW
06    09.1    11.1   23:45    06.4   05:36     09.2     00.0    12.9   15.1     40.7    22:13      SW
07    09.6    11.6   11:21    06.9   23:41     08.7     00.0    02.5   08.3     31.5    14:35     ENE
08    08.6    10.1   16:29    06.6   01:23     09.7     00.0    04.1   04.7     27.8    16:17      E 
09    10.2    12.9   13:55    07.9   05:08     08.1     00.0    00.5   02.8     16.7    17:38     ESE
10    11.3    14.0   13:37    09.3   06:33     07.0     00.0    00.5   04.0     18.5    13:19      SW
11    11.3    13.7   14:27    08.9   07:22     07.0     00.0    04.1   12.2     33.3    00:25      SW
12    11.1    15.3   10:41    08.5   06:45     07.2     00.0    00.5   06.6     35.2    23:04     WSW
13    10.7    13.1   14:07    07.5   04:39     07.6     00.0    03.6   05.6     29.6    00:30     WSW
14    11.4    14.1   13:34    09.6   21:13     06.9     00.0    00.0   07.7     25.9    06:57      SW
15    13.3    17.8   12:37    09.6   00:46     05.0     00.0    00.0   05.2     29.6    23:56     SSW
16    14.9    16.3   09:05    12.8   18:34     03.4     00.0    02.6   08.9     40.7    11:32     ESE
17    12.4    16.7   10:06    09.1   23:53     05.9     00.0    07.2   06.8     31.5    05:47      SE
18    11.1    13.9   13:21    08.4   04:19     07.2     00.0    00.0   04.6     14.8    13:39      SE
19    12.3    15.4   12:24    09.1   05:33     06.0     00.0    00.0   03.4     13.0    06:53     ESE
20    12.3    14.8   13:05    09.3   04:17     06.0     00.0    00.0   03.8     20.4    23:24      E 
21    13.3    17.7   15:31    11.2   05:31     05.0     00.0    00.0   05.3     22.2    00:00      S 
22    17.4    21.9   15:36    13.2   00:00     00.9     00.0    00.0   06.3     29.6    17:15     SSW
23    13.8    16.1   08:38    11.4   00:00     04.5     00.0    00.0   06.8     29.6    10:24      SW
24    14.2    18.4   12:46    10.8   05:35     04.1     00.0    00.0   05.8     40.7    21:52      E 
25    17.1    22.2   13:52    13.5   04:25     01.2     00.0    00.0   06.5     33.3    03:34     SSE
26    16.3    19.3   14:23    13.4   00:00     02.0     00.0    00.0   05.2     20.4    15:50     SSW
27    12.7    13.4   00:09    11.4   23:32     05.6     00.0    00.0   13.1     35.2    13:52     WSW
28    13.0    14.5   16:13    11.8   00:04     05.3     00.0    00.0   07.6     31.5    08:37      SW
29    13.6    15.2   13:44    11.5   00:00     04.7     00.0    00.0   10.1     31.5    11:02     WSW
30    14.2    17.4   17:52    10.1   03:07     04.1     00.0    00.0   12.8     46.3    23:44      SW
31    15.9    19.9   14:28    12.6   00:00     02.4     00.0    00.0   06.8     37.0    00:08      SW
----------------------------------------------------------------------------------------------------------------------------------------------------------
12.9 (13.2)   22.4  day 05     06.4  day 06   167.6    000.0   043.5   07.9     64.8   day 05      SW
Min <=   30: 31
Max Rain: 12.9 ON 6-03-15
Days of Rain: 11 (> .2mm) 8 (> 2mm) 0 (> 20mm)