Daily Noaa Report Mese


Daily NOAA report
                            MONTHLY CLIMATOLOGICAL SUMMARY for JUL. 2014

NAME: CEFALU'   CITY: Cefalů STATE: ITALIA
ELEV: 92 M LAT: 38.01  : LONG: 14.01

                            TEMPERATURE ( °C), RAIN (mm), WIND SPEED (kmh)

                                               HEAT     COOL           AVG
      MEAN                                     DEG      DEG            WIND                       DOM
DAY   TEMP    HIGH   TIME     LOW    TIME      DAYS     DAYS    RAIN   SPEED    HIGH    TIME      DIR
----------------------------------------------------------------------------------------------------------------------------------------------------------
01    22.6    25.4   15:52    19.2   05:45     00.0     04.3    00.0   04.4     18.5    15:21      E 
02    23.8    26.5   15:23    20.1   05:11     00.0     05.5    00.0   05.4     20.4    16:09      E 
03    24.7    27.1   15:43    21.9   06:09     00.0     06.4    00.0   04.4     20.4    15:48      E 
04    26.0    28.1   12:15    23.1   02:47     00.0     07.7    00.0   04.5     18.5    13:50      E 
05    25.7    29.0   11:06    23.1   00:00     00.0     07.4    00.0   05.1     25.9    02:19      W 
06    24.1    26.8   16:01    21.8   05:41     00.0     05.8    00.0   04.3     18.5    15:19      E 
07    24.8    27.2   14:32    21.2   05:22     00.0     06.5    00.0   05.0     20.4    07:34     ENE
08    25.2    27.6   10:42    23.1   00:00     00.0     06.9    00.0   06.4     25.9    14:53      W 
09    23.5    25.4   13:13    20.9   05:11     00.0     05.2    00.0   04.7     25.9    10:31      S 
10    23.3    26.1   10:39    20.4   01:14     00.0     05.0    00.0   11.0     38.9    19:54      W 
11    22.1    24.4   15:12    19.6   07:56     00.0     03.8    02.0   10.0     42.5    02:39     WSW
12    22.6    25.1   16:45    19.3   05:33     00.0     04.3    01.5   04.1     12.9    15:25     WSW
13    23.5    26.4   10:36    19.9   03:23     00.0     05.2    00.0   05.2     18.5    15:56      W 
14    22.9    26.4   13:29    19.5   04:47     00.0     04.6    00.0   04.5     20.4    15:01      SW
15    23.3    24.9   16:07    21.9   06:18     00.0     05.0    00.0   07.3     18.5    12:49     WSW
16    23.5    25.6   17:01    21.9   00:00     00.0     05.2    00.0   05.3     16.6    14:05     WSW
17    23.7    26.8   16:41    20.7   05:52     00.0     05.4    00.0   04.0     16.6    16:51     WSW
18    24.4    26.9   18:39    22.4   00:19     00.0     06.1    00.0   04.6     14.8    07:27     WSW
19    24.9    27.9   14:45    21.8   05:51     00.0     06.6    00.0   04.5     14.8    14:52      SW
20    25.6    28.6   13:49    22.3   05:14     00.0     07.3    00.0   04.7     16.6    14:01      E 
21    25.9    30.2   13:46    23.9   23:11     00.0     07.6    00.0   06.7     29.6    14:23     WSW
22    24.4    26.9   14:23    22.6   07:05     00.0     06.1    00.0   12.8     37.0    16:46     WSW
23    24.1    25.9   15:18    21.8   00:00     00.0     05.8    00.0   11.4     33.3    06:15     WSW
24    23.5    26.3   15:25    20.6   05:23     00.0     05.2    00.0   04.0     16.6    13:56      E 
25    24.6    27.3   15:07    15.2   06:08     00.0     06.3    00.0   05.7     18.5    20:35      E 
26    27.9    36.9   18:00    23.8   00:38     00.0     09.6    00.0   05.4     25.9    19:38     ESE
27    25.9    28.8   14:53   -30.0   21:50     00.0     07.6    00.0   03.3     18.5    18:26     WSW
28    24.7    26.9   15:04    22.1   23:27     00.0     06.4    00.0   04.2     12.9    23:46      S 
29    27.3    31.9   23:41    22.2   00:01     00.0     09.0    00.0   08.0     38.9    23:16      E 
30    25.6    31.1   00:01    23.2   00:00     00.0     07.3    00.5   11.0     35.1    01:48     WSW
31    24.2    26.1   13:43    22.1   00:00     00.0     05.9    00.0   09.5     25.9    09:14     WSW
----------------------------------------------------------------------------------------------------------------------------------------------------------
24.5 (23.6)   36.9  day 26    -30.0  day 27   000.0    191.0   004.1   06.2     42.6   day 30      SW
Max >=  30: 4
Min <=   30: 31
Min <= -18: 1
Min <=  -5: 1
Min <= -10: 1
Min <= -15: 1
Min <= -20: 1
Min <= -25: 1
Max Rain: 2.0 ON 11-07-14
Days of Rain: 3 (> .2mm) 1 (> 2mm) 0 (> 20mm)