Daily Noaa Report Mese


Daily NOAA report
                            MONTHLY CLIMATOLOGICAL SUMMARY for MAY. 2017

NAME:    CITY:  STATE: 
ELEV:  LAT:  LONG: 

                            TEMPERATURE ( ░C), RAIN (mm), WIND SPEED (kmh)

                                               HEAT     COOL           AVG
      MEAN                                     DEG      DEG            WIND                       DOM
DAY   TEMP    HIGH   TIME     LOW    TIME      DAYS     DAYS    RAIN   SPEED    HIGH    TIME      DIR
----------------------------------------------------------------------------------------------------------------------------------------------------------
05    19.8    22.1   15:36    14.0   10:00     00.0     01.5    00.0   05.6     20.4    13:18     ENE
06    19.9    24.5   16:07    16.2   04:03     00.0     01.6    00.0   06.4     29.6    19:34      E 
07    19.3    22.2   11:07    15.6   23:49     00.0     01.0    00.0   06.5     24.1    03:46     SSW
08    17.7    19.6   15:06    15.3   00:43     00.6     00.0    00.0   08.7     31.4    23:53     WSW
09    17.7    19.7   14:11   -06.1   02:34     00.6     00.0    00.0   09.9     33.3    09:35     WSW
10    18.0    22.5   22:59    13.6   04:09     00.3     00.0    00.0   07.5     22.2    16:05      E 
11    26.9    33.0   15:00    19.6   02:25     00.0     08.6    00.0   07.4     50.0    11:53      SW
12    21.4    27.4   00:01    19.6   23:37     00.0     03.1    00.0   07.1     22.2    03:49     ENE
13    19.8    22.2   14:36    17.4   23:38     00.0     01.5    00.0   04.2     18.5    10:50      NW
14    19.5    21.9   14:51    16.4   05:36     00.0     01.2    00.0   05.6     16.6    14:05      E 
15    19.1    21.5   13:46   -05.2   08:31     00.0     00.8    00.0   04.7     20.4    13:28      W 
16    19.0    21.7   14:52    17.3   23:30     00.0     00.7    00.0   05.3     29.6    02:51     SSW
17    19.8    22.9   16:08    17.1   02:51     00.0     01.5    00.0   05.7     20.4    11:25     WSW
18    20.2    22.6   15:41    16.9   05:29     00.0     01.9    00.0   04.9     16.6    19:00      E 
19    21.2    24.1   14:58    18.5   05:35     00.0     02.9    00.0   04.7     18.5    14:03      E 
20    20.2    21.9   14:18    17.4   00:00     00.0     01.9    00.0   05.3     20.4    09:32     WSW
21    18.7    20.9   13:24    17.2   01:05     00.0     00.4    00.0   13.4     40.7    11:33     WSW
22    19.6    22.2   15:31    17.4   05:06     00.0     01.3    00.0   06.0     18.5    05:16      S 
23    19.8    22.6   12:43    16.9   05:59     00.0     01.5    00.0   04.0     16.6    13:57      E 
24    19.9    21.8   13:51    17.6   02:37     00.0     01.6    00.0   04.6     14.8    17:14      E 
25    20.3    22.9   15:50    17.3   05:27     00.0     02.0    00.0   04.0     16.6    14:43      E 
----------------------------------------------------------------------------------------------------------------------------------------------------------
19.9 (18.8)   33.0  day 11    -06.1  day 09   001.6    034.9   000.0   06.3     50.0   day 11      S 
Max >=  30: 1
Min <=   30: 21
Min <=  -5: 2
Max Rain: 0.0 ON 0-05-17
Days of Rain: 0 (> .2mm) 0 (> 2mm) 0 (> 20mm)