Daily Noaa Report Mese


Daily NOAA report
                            MONTHLY CLIMATOLOGICAL SUMMARY for OCT. 2019

NAME:    CITY:  STATE: 
ELEV:  LAT:  LONG: 

                            TEMPERATURE ( ░C), RAIN (mm), WIND SPEED (kmh)

                                               HEAT     COOL           AVG
      MEAN                                     DEG      DEG            WIND                       DOM
DAY   TEMP    HIGH   TIME     LOW    TIME      DAYS     DAYS    RAIN   SPEED    HIGH    TIME      DIR
----------------------------------------------------------------------------------------------------------------------------------------------------------
01    22.2    25.0   14:06    19.4   05:13     00.0     03.9    00.0   03.1     14.8    15:05      E 
02    22.7    25.6   15:25    19.8   02:34     00.0     04.4    00.0   03.5     12.9    16:06     ESE
03    22.2    25.1   11:31    17.9   07:29     00.0     03.9    03.1   08.4     31.4    14:49      SW
04    20.4    22.1   15:16    16.8   08:28     00.0     02.1    04.6   13.6     35.1    03:14     WSW
05    21.9    25.0   13:26    19.2   00:50     00.0     03.6    00.0   14.7     35.1    23:14     SSW
06    21.8    23.2   13:30    19.5   09:19     00.0     03.5    00.0   15.6     35.1    00:24      SW
07    19.6    23.7   13:01    15.3   17:55     00.0     01.3    74.8   13.6     55.5    15:38     SSW
08    20.3    22.5   16:20    16.1   01:31     00.0     02.0    02.0   09.5     35.1    11:58     ENE
09    20.5    23.2   16:40    18.3   06:52     00.0     02.2    00.0   03.7     11.1    06:14      SE
10    21.9    24.2   17:40    19.9   01:40     00.0     03.6    00.0   03.8     11.1    06:40      S 
11    21.0    22.9   16:40    19.3   07:40     00.0     02.7    00.0   03.6     14.8    15:40      E 
12    20.8    22.9   15:40    18.4   07:40     00.0     02.5    00.0   02.5     09.3    17:40      E 
13    21.0    23.3   14:40    18.9   07:40     00.0     02.7    00.0   04.5     14.8    15:40     ESE
14    21.1    23.3   15:40    18.6   07:40     00.0     02.8    00.0   03.4     11.1    17:40     ESE
15    21.5    23.6   14:40    18.9   01:40     00.0     03.2    00.0   03.9     09.3    14:40      SE
16    21.3    22.9   13:40    17.3   23:57     00.0     03.0    00.0   07.1     16.6    04:40     SSW
17    18.8    21.4   12:40    16.4   06:53     00.0     00.5    00.0   03.9     12.9    07:41      SE
18    18.7    21.6   13:37    16.3   07:30     00.0     00.4    00.0   04.0     14.8    14:53     ESE
19    19.7    22.2   14:21    17.3   06:51     00.0     01.4    00.0   04.1     16.6    13:22     ESE
----------------------------------------------------------------------------------------------------------------------------------------------------------
20.9 (20.7)   25.6  day 02     15.3  day 07   000.0    049.6   084.6   06.6     55.5   day 07      S 
Min <=   30: 19
Max Rain: 74.8 ON 7-10-19
Days of Rain: 4 (> .2mm) 4 (> 2mm) 1 (> 20mm)