Daily Noaa Report Mese


Daily NOAA report
                            MONTHLY CLIMATOLOGICAL SUMMARY for APR. 2014

NAME: CEFALU'   CITY: Cefalů STATE: ITALIA
ELEV: 92 M LAT: 38.01  : LONG: 14.01

                            TEMPERATURE ( °C), RAIN (mm), WIND SPEED (kmh)

                                               HEAT     COOL           AVG
      MEAN                                     DEG      DEG            WIND                       DOM
DAY   TEMP    HIGH   TIME     LOW    TIME      DAYS     DAYS    RAIN   SPEED    HIGH    TIME      DIR
----------------------------------------------------------------------------------------------------------------------------------------------------------
01    13.6    16.6   15:28    10.6   06:37     04.7     00.0    00.0   04.7     14.8    14:21     SSE
02    13.5    16.3   14:52    10.5   06:34     04.8     00.0    00.0   05.0     18.5    16:20     ESE
03    17.4    25.2   16:01    12.5   00:35     00.9     00.0    00.0   04.6     31.4    20:55     ESE
04    15.9    20.6   02:47    13.2   22:45     02.4     00.0    00.0   05.7     29.6    03:23      E 
05    13.7    15.1   10:46    12.5   02:44     04.6     00.0    19.0   14.1     48.1    15:49      SW
06    14.5    16.6   16:23    12.4   06:44     03.8     00.0    01.5   09.5     33.3    06:24      SW
07    15.2    17.8   18:41    13.6   22:26     03.1     00.0    00.0   08.5     20.4    12:22     WSW
08    15.0    17.9   17:31    11.9   03:23     03.3     00.0    00.0   02.9     12.9    15:43     ESE
09    16.5    20.6   15:35    12.5   06:37     01.8     00.0    00.0   04.4     24.1    16:59     WSW
10    14.6    17.8   16:00    12.5   22:29     03.7     00.0    00.0   03.9     18.5    12:33      SW
11    14.7    17.8   18:20    11.2   03:53     03.6     00.0    00.0   04.4     14.8    12:00      SE
12    14.7    17.6   13:33    12.2   03:32     03.6     00.0    00.5   03.7     14.8    15:26     ESE
13    14.4    16.4   15:29    12.4   04:39     03.9     00.0    01.0   04.0     14.8    16:04      E 
14    15.1    18.0   15:21    12.7   01:41     03.2     00.0    00.0   04.3     14.8    16:09      SW
15    15.5    18.1   15:20    11.8   06:10     02.8     00.0    00.0   07.3     37.0    23:54      S 
----------------------------------------------------------------------------------------------------------------------------------------------------------
15.0 (15.2)   25.2  day 03     10.5  day 02   050.1    000.0   022.0   05.8     48.1   day 15     SSW
Min <=   30: 15
Max Rain: 19.0 ON 5-04-14
Days of Rain: 4 (> .2mm) 1 (> 2mm) 0 (> 20mm)