Daily Noaa Report Mese


Daily NOAA report
                            MONTHLY CLIMATOLOGICAL SUMMARY for JUL. 2015

NAME:    CITY:  STATE: 
ELEV:  LAT:  LONG: 

                            TEMPERATURE ( ░C), RAIN (mm), WIND SPEED (kmh)

                                               HEAT     COOL           AVG
      MEAN                                     DEG      DEG            WIND                       DOM
DAY   TEMP    HIGH   TIME     LOW    TIME      DAYS     DAYS    RAIN   SPEED    HIGH    TIME      DIR
----------------------------------------------------------------------------------------------------------------------------------------------------------
01    23.8    26.5   13:24    20.8   05:24     00.0     05.5    00.0   04.1     18.5    11:40      E 
02    24.2    27.1   10:38    21.1   06:08     00.0     05.9    00.0   04.3     16.6    13:07      E 
03    24.2    27.6   15:06    20.9   05:05     00.0     05.9    00.0   04.1     16.6    12:20      E 
04    24.7    27.5   16:23    21.8   05:51     00.0     06.4    00.0   04.0     14.8    14:49      E 
05    25.7    28.6   13:27    22.9   04:49     00.0     07.4    00.0   03.6     14.8    14:09      E 
06    25.5    28.8   14:08    22.6   05:05     00.0     07.2    00.0   04.3     14.8    14:35      E 
07    25.3    27.8   14:02    22.3   06:07     00.0     07.0    00.0   03.8     16.6    14:59      E 
08    25.3    29.6   10:23    22.1   04:51     00.0     07.0    00.0   03.3     16.6    13:39      E 
09    26.7    29.2   13:28    23.9   05:43     00.0     08.4    00.0   04.2     14.8    15:53      E 
10    26.4    28.4   12:21    24.2   03:49     00.0     08.1    00.0   04.3     14.8    16:00      E 
11    26.4    28.6   16:13    24.4   05:50     00.0     08.1    00.0   04.3     14.8    14:35     WSW
12    26.7    28.8   13:08    25.0   23:30     00.0     08.4    00.0   06.1     18.5    11:04      SW
13    26.5    29.3   13:11    23.2   05:45     00.0     08.2    00.0   04.2     16.6    17:11      E 
14    26.5    29.2   14:45    23.5   06:05     00.0     08.2    00.0   04.1     16.6    15:01      E 
15    26.9    29.6   14:16    24.2   04:06     00.0     08.6    00.0   03.6     18.5    14:30      E 
16    27.5    29.8   14:08    24.4   04:54     00.0     09.2    00.0   04.0     18.5    15:59      E 
17    27.8    30.7   14:48    24.4   04:55     00.0     09.5    00.0   03.6     14.8    15:24      E 
18    27.6    30.2   17:48    25.0   05:12     00.0     09.3    00.0   04.5     12.9    16:04     ESE
19    27.9    30.8   12:08    24.9   05:13     00.0     09.6    00.0   04.0     16.6    14:58      E 
21    28.0    30.9   15:11    24.9   23:56     00.0     09.7    00.0   03.7     14.8    13:25     ENE
22    27.4    32.9   17:32    24.7   05:43     00.0     09.1    00.0   03.9     27.8    17:35      E 
23    26.9    29.8   15:01    25.0   23:06     00.0     08.6    00.0   04.3     29.6    19:27      SW
24    27.1    30.2   15:22    23.9   03:23     00.0     08.8    00.0   05.4     20.4    19:38      SE
25    27.1    29.5   15:51    24.4   05:39     00.0     08.8    00.0   03.4     12.9    17:59     SSE
26    27.6    30.7   14:07    25.0   06:22     00.0     09.3    00.0   04.2     16.6    12:49      SE
27    27.3    29.4   14:00    24.6   23:27     00.0     09.0    00.0   06.3     18.5    11:11     SSW
28    26.9    29.9   15:50    23.9   04:59     00.0     08.6    00.0   05.2     16.6    14:04     ESE
29    27.3    30.2   15:55    24.4   05:25     00.0     09.0    00.0   04.9     18.5    10:03      E 
30    27.5    30.3   13:52    23.9   05:16     00.0     09.2    00.0   04.8     16.6    14:19      E 
----------------------------------------------------------------------------------------------------------------------------------------------------------
26.5 (26.5)   32.9  day 22     20.8  day 01   000.0    238.0   000.0   04.3     29.6   day 23      E 
Max >=  30: 9
Min <=   30: 29
Max Rain: 0.0 ON 0-07-15
Days of Rain: 0 (> .2mm) 0 (> 2mm) 0 (> 20mm)