Daily Noaa Report Mese


Daily NOAA report
                            MONTHLY CLIMATOLOGICAL SUMMARY for AUG. 2019

NAME:    CITY:  STATE: 
ELEV:  LAT:  LONG: 

                            TEMPERATURE ( ░C), RAIN (mm), WIND SPEED (kmh)

                                               HEAT     COOL           AVG
      MEAN                                     DEG      DEG            WIND                       DOM
DAY   TEMP    HIGH   TIME     LOW    TIME      DAYS     DAYS    RAIN   SPEED    HIGH    TIME      DIR
----------------------------------------------------------------------------------------------------------------------------------------------------------
01    25.7    29.9   16:47    22.1   05:48     00.0     07.4    00.0   05.3     16.6    12:55      E 
02    28.5    32.6   21:54    24.3   02:55     00.0     10.2    00.0   04.6     18.5    17:06      E 
03    28.5    34.9   01:52    24.8   00:00     00.0     10.2    00.0   07.5     27.8    14:31      SW
04    25.5    28.4   16:35    22.4   05:22     00.0     07.2    00.0   04.6     18.5    16:01     ESE
05    25.4    28.4   15:57    22.1   06:13     00.0     07.1    00.0   05.4     18.5    14:11      E 
06    26.7    29.2   16:58    23.4   04:10     00.0     08.4    00.0   05.0     16.6    17:15      E 
07    28.3    31.3   13:51    24.3   02:35     00.0     10.0    00.0   04.4     16.6    15:24      E 
08    29.5    32.9   10:13    25.9   23:31     00.0     11.2    00.0   03.8     18.5    04:21     ESE
09    26.5    28.8   13:33    24.4   23:51     00.0     08.2    00.0   05.4     14.8    14:38     SSW
10    26.4    29.1   14:19    23.9   02:28     00.0     08.1    00.0   03.7     16.6    15:27      E 
11    27.2    29.6   13:35    24.8   04:21     00.0     08.9    00.0   03.9     14.8    17:15      E 
12    27.5    30.8   15:11    24.5   05:07     00.0     09.2    00.0   04.2     12.9    17:12      E 
13    27.7    30.4   12:40    25.2   07:40     00.0     09.4    00.0   05.2     16.6    13:40      SE
14    27.0    29.5   13:54    25.2   21:58     00.0     08.7    00.0   07.5     24.1    16:21      SW
15    25.9    27.8   15:16    23.8   06:27     00.0     07.6    00.0   06.8     25.9    11:21     WSW
16    25.7    28.1   15:39    23.6   06:56     00.0     07.4    00.0   05.3     18.5    02:40     ESE
17    25.4    27.8   12:46    23.1   05:33     00.0     07.1    00.0   03.7     12.9    16:43     ESE
18    25.5    28.1   15:02    22.1   06:40     00.0     07.2    00.0   05.8     16.6    18:41      E 
19    26.2    28.9   14:11    23.6   06:12     00.0     07.9    00.0   05.0     16.6    13:40      E 
20    26.3    28.9   14:12    23.7   06:41     00.0     08.0    00.0   04.2     18.5    10:09      E 
21    25.9    27.5   17:43    23.6   06:46     00.0     07.6    00.0   03.5     12.9    15:12      E 
----------------------------------------------------------------------------------------------------------------------------------------------------------
26.7 (26.8)   34.9  day 03     22.1  day 05   000.0    177.0   000.0   05.0     27.8   day 03     ESE
Max >=  30: 6
Min <=   30: 21
Max Rain: 0.0 ON 0-08-19
Days of Rain: 0 (> .2mm) 0 (> 2mm) 0 (> 20mm)