Daily Noaa Report Mese


Daily NOAA report
                            MONTHLY CLIMATOLOGICAL SUMMARY for JAN. 2015

NAME: CEFALU'   CITY: Cefalů STATE: ITALIA
ELEV: 92 M LAT: 38.01  : LONG: 14.01

                            TEMPERATURE ( °C), RAIN (mm), WIND SPEED (kmh)

                                               HEAT     COOL           AVG
      MEAN                                     DEG      DEG            WIND                       DOM
DAY   TEMP    HIGH   TIME     LOW    TIME      DAYS     DAYS    RAIN   SPEED    HIGH    TIME      DIR
----------------------------------------------------------------------------------------------------------------------------------------------------------
01    08.8    10.4   17:11    02.6   01:36     09.5     00.0    04.6   14.0     50.0    06:11      E 
02    09.8    11.5   13:49    07.8   20:25     08.5     00.0    00.0   05.5     22.2    03:21     ESE
03    12.5    15.0   22:38    10.2   18:31     05.8     00.0    00.0   09.6     42.5    21:54     SSW
04    14.7    16.4   10:24    13.6   19:04     03.6     00.0    00.0   13.8     46.3    09:12     WSW
05    11.3    14.3   00:43    10.2   16:00     07.0     00.0    01.5   13.8     37.0    14:14     ENE
06    11.4    13.8   13:12    08.9   01:42     06.9     00.0    01.5   10.5     33.3    05:03      SW
07    11.0    13.8   12:33    09.1   23:20     07.3     00.0    00.0   03.9     16.6    07:33      S 
08    12.9    15.2   13:16    10.6   00:12     05.4     00.0    00.0   06.7     18.5    23:32     SSW
09    13.4    15.5   13:59    11.9   04:54     04.9     00.0    00.0   11.7     29.6    23:50      SW
10    13.5    15.9   13:01    11.9   00:00     04.8     00.0    00.0   05.8     29.6    02:43     SSW
11    13.4    17.3   14:06   -30.0   07:26     04.9     00.0    00.0   04.1     35.1    23:03     SSW
12    13.0    15.4   12:27    09.4   20:33     05.3     00.0    00.0   06.7     35.1    00:18     SSW
13    10.9    13.9   13:33    08.6   07:05     07.4     00.0    00.0   04.5     16.6    04:30     SSE
14    13.3    15.6   15:14    10.1   00:24     05.0     00.0    00.0   03.5     20.4    23:43      SW
15    12.5    15.1   12:33    09.9   23:20     05.8     00.0    00.0   05.3     20.4    03:51     SSW
16    13.3    16.3   18:32    09.5   01:50     05.0     00.0    00.0   03.0     16.6    21:24     SSE
17    15.2    19.3   13:20    12.3   05:51     03.1     00.0    00.0   04.0     14.8    21:34     SSW
18    14.6    17.1   15:09    09.4   23:48     03.7     00.0    06.7   08.6     62.9    17:11     SSW
19    12.8    13.9   10:35    10.5   00:01     05.5     00.0    00.0   07.8     31.4    04:06     SSW
20    13.3    16.1   13:42    11.9   21:05     05.0     00.0    00.0   04.7     25.9    01:05     SSW
21    12.4    15.2   12:34    10.1   05:30     05.9     00.0    00.0   04.3     16.6    22:20      S 
22    11.3    13.4   07:53    09.1   09:51     07.0     00.0    07.7   10.7     33.3    21:45     SSW
23    11.0    12.5   11:03    09.4   21:24     07.3     00.0    05.1   26.0     50.0    11:13      SW
24    11.8    13.3   10:16    09.9   23:23     06.5     00.0    02.5   13.5     44.4    00:05      SW
25    11.0    13.2   14:25    09.1   23:55     07.3     00.0    00.0   07.8     29.6    06:07      SW
26    09.9    12.3   11:27    07.8   06:29     08.4     00.0    02.0   04.0     16.6    22:34     SSW
----------------------------------------------------------------------------------------------------------------------------------------------------------
12.3 (11.5)   19.3  day 17    -30.0  day 11   156.6    000.0   031.7   08.2     62.9   day 18     SSW
Min <=   30: 26
Min <= -18: 1
Min <=  -5: 1
Min <= -10: 1
Min <= -15: 1
Min <= -20: 1
Min <= -25: 1
Max Rain: 7.7 ON 22-01-15
Days of Rain: 8 (> .2mm) 6 (> 2mm) 0 (> 20mm)