Daily Noaa Report Mese


Daily NOAA report
                            MONTHLY CLIMATOLOGICAL SUMMARY for JAN. 2020

NAME:    CITY:  STATE: 
ELEV:  LAT:  LONG: 

                            TEMPERATURE ( ░C), RAIN (mm), WIND SPEED (kmh)

                                               HEAT     COOL           AVG
      MEAN                                     DEG      DEG            WIND                       DOM
DAY   TEMP    HIGH   TIME     LOW    TIME      DAYS     DAYS    RAIN   SPEED    HIGH    TIME      DIR
----------------------------------------------------------------------------------------------------------------------------------------------------------
01    10.6    13.4   12:42    08.2   00:34     07.7     00.0    00.0   03.5     16.6    00:00      S 
02    11.6    14.2   12:54    09.6   03:54     06.7     00.0    00.0   06.9     20.4    23:16      S 
03    11.5    13.8   13:10    08.8   07:12     06.8     00.0    00.0   07.2     22.2    02:03     SSW
04    12.6    13.6   14:26    11.3   06:59     05.7     00.0    00.0   05.3     16.6    12:47     SSW
05    12.8    13.9   14:34    10.4   23:58     05.5     00.0    00.0   13.1     46.3    22:42     ENE
06    09.4    10.5   00:23    08.3   18:00     08.9     00.0    00.0   12.5     48.1    01:16     ENE
07    09.9    12.4   13:51    06.7   04:15     08.4     00.0    00.0   05.7     22.2    22:49     SSW
08    10.5    13.4   13:03    08.8   18:20     07.8     00.0    00.0   03.0     14.8    01:52     SSE
09    09.8    13.3   13:24    08.1   21:09     08.5     00.0    00.0   02.8     14.8    22:18     SSE
10    09.8    12.5   12:51    07.3   05:00     08.5     00.0    00.0   01.6     09.3    11:12      E 
11    10.0    12.3   10:33    07.9   04:30     08.3     00.0    00.0   02.3     12.9    16:02      SE
12    10.1    13.2   12:22    07.9   06:23     08.2     00.0    00.0   02.9     12.9    04:47      SE
13    10.8    12.9   12:05    09.3   05:54     07.5     00.0    00.0   02.3     12.9    22:44      SE
14    10.2    13.0   14:26    08.5   03:41     08.1     00.0    00.0   02.0     11.1    07:42      SE
15    10.3    12.9   13:13    08.3   06:34     08.0     00.0    00.0   02.5     11.1    21:20      SE
16    10.6    12.9   12:59    08.6   03:46     07.7     00.0    00.0   01.8     11.1    20:00      SE
17    11.7    13.1   12:23    10.4   07:59     06.6     00.0    00.0   01.8     07.4    21:42     SSE
18    12.5    16.1   13:02    11.1   23:32     05.8     00.0    00.0   11.7     35.1    14:59     SSW
19    11.6    13.4   12:46    09.4   23:53     06.7     00.0    00.0   06.8     25.9    02:09      S 
20    13.4    15.3   12:03    09.6   00:21     04.9     00.0    00.0   06.5     29.6    14:23      E 
21    13.9    16.2   12:19    12.2   06:34     04.4     00.0    00.0   04.9     20.4    18:09     ENE
22    12.5    14.1   12:50    10.4   07:33     05.8     00.0    00.0   02.5     12.9    04:15     SSE
----------------------------------------------------------------------------------------------------------------------------------------------------------
11.2 (11.3)   16.2  day 21     06.7  day 07   156.4    000.0   000.0   05.0     48.1   day 05     SSE
Min <=   30: 22
Max Rain: 0.0 ON 30-01-20
Days of Rain: 0 (> .2mm) 0 (> 2mm) 0 (> 20mm)