Daily Noaa Report Mese


Daily NOAA report
                            MONTHLY CLIMATOLOGICAL SUMMARY for JUN. 2019

NAME:    CITY:  STATE: 
ELEV:  LAT:  LONG: 

                            TEMPERATURE ( ░C), RAIN (mm), WIND SPEED (kmh)

                                               HEAT     COOL           AVG
      MEAN                                     DEG      DEG            WIND                       DOM
DAY   TEMP    HIGH   TIME     LOW    TIME      DAYS     DAYS    RAIN   SPEED    HIGH    TIME      DIR
----------------------------------------------------------------------------------------------------------------------------------------------------------
01    17.4    19.9   15:08    14.7   03:34     00.9     00.0    00.0   03.4     16.6    11:32     SSW
02    18.0    21.6   12:35    15.2   01:41     00.3     00.0    00.0   05.5     22.2    11:57      SW
03    19.3    23.8   18:27    15.8   05:40     00.0     01.0    00.0   03.1     12.9    16:26     ESE
04    19.4    21.5   16:20    16.9   05:52     00.0     01.1    00.0   03.4     16.6    10:30      E 
05    20.6    22.9   12:43    17.8   01:54     00.0     02.3    00.0   04.9     20.4    14:33     ENE
06    21.8    24.8   17:16    18.6   04:59     00.0     03.5    00.0   03.7     14.8    15:13     ENE
07    24.7    30.3   13:30    19.3   01:32     00.0     06.4    00.0   04.8     18.5    16:11     ENE
08    27.6    32.4   09:07    24.3   04:37     00.0     09.3    00.0   04.5     25.9    14:48      SE
09    28.0    31.4   14:41    25.6   03:40     00.0     09.7    00.0   04.6     14.8    18:12      E 
10    28.6    31.9   08:14    25.1   00:00     00.0     10.3    00.0   03.7     22.2    23:53      S 
11    24.8    29.5   13:04    21.9   07:37     00.0     06.5    00.0   06.8     37.0    06:06     ENE
12    25.2    30.8   02:08    21.4   23:41     00.0     06.9    00.0   05.3     22.2    12:55      SW
13    22.5    24.9   15:34    20.1   05:02     00.0     04.2    00.0   04.4     16.6    16:54      E 
14    24.2    29.2   13:03    19.4   05:20     00.0     05.9    00.0   05.9     27.8    21:23      E 
15    24.2    27.2   13:23    21.3   23:50     00.0     05.9    00.0   05.3     20.4    22:19      SW
16    23.0    24.6   16:40    21.5   06:40     00.0     04.7    00.0   04.5     12.9    10:40      S 
17    23.2    25.6   14:53    20.5   04:58     00.0     04.9    00.0   03.9     14.8    16:11     ENE
18    23.4    25.1   11:00    21.8   06:12     00.0     05.1    00.0   03.7     14.8    12:59     ENE
19    23.4    26.2   16:58    21.3   05:34     00.0     05.1    00.0   04.5     16.6    14:37      E 
20    23.5    26.4   14:35    20.5   05:50     00.0     05.2    00.0   04.5     16.6    12:19      E 
21    24.7    28.1   15:40    20.8   05:55     00.0     06.4    00.0   04.4     16.6    18:25     ENE
22    28.1    32.9   18:06    24.4   00:58     00.0     09.8    00.0   05.7     24.1    09:55     SSE
23    26.4    37.9   11:39    23.4   23:17     00.0     08.1    00.0   05.4     35.1    01:02     ESE
24    24.5    27.3   17:42    22.3   06:11     00.0     06.2    00.0   04.0     14.8    15:54      E 
25    24.6    27.8   13:43    21.6   06:40     00.0     06.3    00.0   03.3     12.9    14:23      NE
----------------------------------------------------------------------------------------------------------------------------------------------------------
23.6 (24.0)   37.9  day 23     14.7  day 01   001.2    134.8   000.0   04.5     37.0   day 23      E 
Max >=  30: 7
Min <=   30: 25
Max Rain: 0.0 ON 0-06-19
Days of Rain: 0 (> .2mm) 0 (> 2mm) 0 (> 20mm)