Daily Noaa Report Mese


Daily NOAA report
                            MONTHLY CLIMATOLOGICAL SUMMARY for OCT. 2014

NAME: CEFALU'   CITY: Cefalů STATE: ITALIA
ELEV: 92 M LAT: 38.01  : LONG: 14.01

                            TEMPERATURE ( °C), RAIN (mm), WIND SPEED (kmh)

                                               HEAT     COOL           AVG
      MEAN                                     DEG      DEG            WIND                       DOM
DAY   TEMP    HIGH   TIME     LOW    TIME      DAYS     DAYS    RAIN   SPEED    HIGH    TIME      DIR
----------------------------------------------------------------------------------------------------------------------------------------------------------
01    20.8    23.4   15:18    18.4   06:08     00.0     02.5    00.0   04.8     14.8    13:23      SE
02    21.7    24.3   16:28    19.3   05:40     00.0     03.4    00.0   03.3     24.1    22:31      S 
03    22.8    25.0   15:20    20.6   23:39     00.0     04.5    00.0   05.5     22.2    03:22      SW
04    20.5    23.7   10:07    18.3   21:15     00.0     02.2    17.1   02.4     11.1    17:38     SSE
05    20.1    22.2   13:36    18.2   23:56     00.0     01.8    11.3   05.8     25.9    20:46     SSW
06    20.8    23.9   15:00    17.9   01:47     00.0     02.5    22.2   07.5     29.6    07:31      SW
07    21.0    23.8   14:26    18.6   05:29     00.0     02.7    00.0   04.5     20.4    00:58     SSE
08    21.4    24.1   13:34    18.6   05:49     00.0     03.1    00.0   04.6     16.6    12:16      SE
09    22.2    24.6   13:12    20.1   07:55     00.0     03.9    00.0   04.9     14.8    14:59      SE
10    22.4    24.9   13:33    20.4   07:02     00.0     04.1    00.0   04.0     14.8    12:30     ESE
11    22.7    24.9   12:54    20.6   05:05     00.0     04.4    00.0   03.7     16.6    02:21      SE
12    22.8    24.9   14:22    20.8   07:47     00.0     04.5    00.0   03.3     14.8    16:25      SE
13    23.6    26.8   14:02    21.3   04:09     00.0     05.3    00.0   02.8     12.9    23:32     SSE
14    27.2    32.8   16:02    23.4   07:11     00.0     08.9    00.0   03.8     22.2    20:26     SSE
15    28.0    32.4   00:12    22.7   23:17     00.0     09.7    00.0   07.5     35.1    04:49     SSW
16    23.4    26.6   10:02    20.9   23:38     00.0     05.1    00.0   04.2     20.4    12:08     SSW
17    23.0    27.1   12:50    19.8   03:42     00.0     04.7    00.0   02.2     12.9    01:35      SE
18    22.8    25.5   14:13    20.5   21:34     00.0     04.5    00.0   02.7     12.9    23:01      S 
19    21.5    24.1   12:57    19.2   07:10     00.0     03.2    00.0   03.1     12.9    23:50      SE
20    21.2    23.9   13:45    19.3   23:17     00.0     02.9    00.0   03.4     14.8    21:53     SSW
21    20.3    23.2   15:51    18.4   05:17     00.0     02.0    00.0   04.8     14.8    03:01     SSW
22    21.8    24.1   11:46    19.6   00:05     00.0     03.5    00.0   15.9     40.7    06:56     WSW
23    17.6    20.1   00:04   -30.0   19:28     00.7     00.0    04.6   17.7     42.5    02:10     WSW
24    16.9    18.5   12:37    13.6   01:18     01.4     00.0    03.6   09.9     46.3    03:31      SW
----------------------------------------------------------------------------------------------------------------------------------------------------------
21.9 (21.2)   32.8  day 14    -30.0  day 23   002.1    089.2   058.8   05.5     46.3   day 24     SSW
Max >=  30: 2
Min <=   30: 24
Min <= -18: 1
Min <=  -5: 1
Min <= -10: 1
Min <= -15: 1
Min <= -20: 1
Min <= -25: 1
Max Rain: 22.2 ON 6-10-14
Days of Rain: 5 (> .2mm) 5 (> 2mm) 1 (> 20mm)