Daily Noaa Report Mese


Daily NOAA report
                            MONTHLY CLIMATOLOGICAL SUMMARY for MAR. 2017

NAME:    CITY:  STATE: 
ELEV:  LAT:  LONG: 

                            TEMPERATURE ( ░C), RAIN (mm), WIND SPEED (kmh)

                                               HEAT     COOL           AVG
      MEAN                                     DEG      DEG            WIND                       DOM
DAY   TEMP    HIGH   TIME     LOW    TIME      DAYS     DAYS    RAIN   SPEED    HIGH    TIME      DIR
----------------------------------------------------------------------------------------------------------------------------------------------------------
01    15.3    17.3   13:02    12.5   23:00     03.0     00.0    00.0   16.4     85.1    11:34      SW
02    13.4    15.9   12:23    10.4   05:21     04.9     00.0    00.0   04.7     16.6    00:27     SSE
03    12.7    15.3   15:08   -07.2   13:18     05.6     00.0    00.0   04.4     16.6    17:12     ESE
04    16.0    21.1   14:17    12.5   02:09     02.3     00.0    00.0   04.3     22.2    08:33     ESE
05    14.9    22.3   10:40    12.6   21:33     03.4     00.0    00.5   05.1     29.6    10:26     SSW
06    14.2    16.2   21:44    11.9   02:52     04.1     00.0    00.0   12.6     50.0    23:06      SW
07    13.9    17.4   05:57    10.5   19:45     04.4     00.0    08.2   26.3     77.7    13:54     WSW
08    12.6    13.9   16:14    09.9   02:42     05.7     00.0    04.1   14.4     51.8    08:10     WSW
09    13.1    15.3   13:07    10.4   06:03     05.2     00.0    00.0   04.8     16.6    22:21     WSW
10    13.9    16.4   12:34    11.6   00:10     04.4     00.0    00.0   12.9     29.6    23:41      SW
11    12.8    14.2   00:15    12.4   23:20     05.5     00.0    00.0   11.9     50.0    06:17     ENE
12    12.2    15.0   15:28    09.7   06:09     06.1     00.0    00.0   05.0     18.5    07:29     SSW
13    12.1    14.4   10:39    09.0   03:32     06.2     00.0    00.5   02.4     12.9    20:41     ESE
14    12.5    15.3   13:55    09.9   00:00     05.8     00.0    00.0   04.4     16.6    14:24     ESE
15    11.7    14.9   13:53    09.1   04:08     06.6     00.0    00.0   04.3     18.5    00:18      S 
16    11.9    14.9   13:07    08.9   06:27     06.4     00.0    00.0   03.7     16.6    16:10     ESE
17    13.8    16.4   16:00    11.0   03:28     04.5     00.0    00.0   10.1     25.9    15:47      SW
19    14.6    18.4   12:23    10.5   04:49     03.7     00.0    00.0   03.5     18.5    12:39      E 
20    14.2    16.9   15:14    10.9   06:10     04.1     00.0    00.0   04.1     16.6    14:00     ENE
21    14.1    16.5   13:03    11.3   06:18     04.2     00.0    00.0   04.1     14.8    14:59      E 
22    14.7    16.9   14:59    12.8   23:35     03.6     00.0    00.0   03.5     12.9    14:24      E 
23    14.7    17.2   14:33    12.8   01:12     03.6     00.0    00.0   04.2     18.5    07:28      E 
24    15.2    17.9   13:24    12.1   05:26     03.1     00.0    00.0   03.9     12.9    17:06     ENE
25    16.6    58.7   03:08    13.5   03:41     01.7     00.0    00.0   04.4     18.5    12:46     SSE
26    14.9    16.7   15:20    12.7   23:50     03.4     00.0    00.0   04.2     20.4    13:08     WSW
----------------------------------------------------------------------------------------------------------------------------------------------------------
13.8 (14.3)   58.7  day 25    -07.2  day 03   111.6    000.0   013.3   07.2     85.1   day 07     SSW
Max >=  30: 1
Min <=   30: 25
Min <=  -5: 1
Max Rain: 8.2 ON 7-03-17
Days of Rain: 4 (> .2mm) 2 (> 2mm) 0 (> 20mm)