Daily Noaa Report Mese


Daily NOAA report
                            MONTHLY CLIMATOLOGICAL SUMMARY for AUG. 2014

NAME: CEFALU'   CITY: Cefalů STATE: ITALIA
ELEV: 92 M LAT: 38.01  : LONG: 14.01

                            TEMPERATURE ( °C), RAIN (mm), WIND SPEED (kmh)

                                               HEAT     COOL           AVG
      MEAN                                     DEG      DEG            WIND                       DOM
DAY   TEMP    HIGH   TIME     LOW    TIME      DAYS     DAYS    RAIN   SPEED    HIGH    TIME      DIR
----------------------------------------------------------------------------------------------------------------------------------------------------------
01    23.9    26.4   15:32    21.3   05:54     00.0     05.6    00.0   04.6     12.9    16:01      SW
02    24.4    27.4   14:52    21.4   05:59     00.0     06.1    00.0   05.0     16.6    15:41      E 
03    25.7    29.4   13:30    23.3   01:50     00.0     07.4    00.0   05.0     22.2    11:33      E 
04    24.9    26.9   16:35    22.5   06:08     00.0     06.6    00.0   04.6     12.9    16:57     ESE
05    24.6    27.1   17:17    22.1   06:38     00.0     06.3    00.0   05.9     18.5    22:35      S 
06    25.2    27.4   15:28    22.7   05:55     00.0     06.9    00.0   06.1     20.4    16:36     WSW
07    25.2    27.4   15:09    23.3   06:16     00.0     06.9    00.0   10.7     25.9    12:34     WSW
08    25.0    27.2   16:45    23.4   00:00     00.0     06.7    00.0   05.6     16.6    01:06      S 
09    25.2    28.1   15:13    22.3   05:02     00.0     06.9    00.0   04.7     16.6    18:37      E 
10    25.9    28.5   15:07    23.0   03:46     00.0     07.6    00.0   04.5     14.8    16:10      E 
11    26.6    29.2   14:36    24.2   01:05     00.0     08.3    00.0   04.5     18.5    12:37      E 
12    26.9    29.5   13:28    24.8   04:03     00.0     08.6    00.0   03.6     14.8    15:38      E 
13    26.9    29.3   15:53    23.9   05:32     00.0     08.6    00.0   04.3     16.6    15:05      E 
14    27.1    29.1   13:05    25.1   06:50     00.0     08.8    00.0   04.8     18.5    04:28      E 
15    25.7    28.3   13:09    23.8   06:36     00.0     07.4    00.0   04.7     18.5    20:52     ENE
16    24.8    27.6   13:53    21.9   06:35     00.0     06.5    00.0   04.0     14.8    20:06     ENE
17    24.3    27.3   16:09    21.4   06:13     00.0     06.0    00.0   04.1     18.5    16:55      E 
18    24.3    27.3   15:09    21.8   06:14     00.0     06.0    00.0   03.9     20.4    15:42      E 
19    25.5    29.0   22:40    21.1   06:10     00.0     07.2    00.0   05.5     22.2    15:26      E 
20    27.8    29.5   13:00    26.2   23:27     00.0     09.5    00.0   05.8     22.2    13:10      E 
21    26.5    28.8   12:01    24.6   06:44     00.0     08.2    00.0   04.3     18.5    14:30     ENE
22    26.0    28.3   16:14    24.0   05:49     00.0     07.7    00.0   04.1     16.6    13:43      E 
24    25.8    28.7   13:24    22.6   06:37     00.0     07.5    00.0   04.1     16.6    12:10     ENE
25    24.6    26.4   12:21    22.0   00:00     00.0     06.3    00.0   05.5     16.6    17:31     ENE
26    23.8    27.1   15:46    20.9   05:50     00.0     05.5    00.0   03.9     16.6    14:25      E 
----------------------------------------------------------------------------------------------------------------------------------------------------------
25.5 (25.5)   29.5  day 12     20.9  day 26   000.0    179.1   000.0   04.9     25.9   day 07      E 
Min <=   30: 25
Max Rain: 0.0 ON 0-08-14
Days of Rain: 0 (> .2mm) 0 (> 2mm) 0 (> 20mm)