Daily Noaa Report Mese


Daily NOAA report
                            MONTHLY CLIMATOLOGICAL SUMMARY for JUN. 2018

NAME:    CITY:  STATE: 
ELEV:  LAT:  LONG: 

                            TEMPERATURE ( ░C), RAIN (mm), WIND SPEED (kmh)

                                               HEAT     COOL           AVG
      MEAN                                     DEG      DEG            WIND                       DOM
DAY   TEMP    HIGH   TIME     LOW    TIME      DAYS     DAYS    RAIN   SPEED    HIGH    TIME      DIR
----------------------------------------------------------------------------------------------------------------------------------------------------------
01    21.8    23.4   15:40    19.8   01:30     00.0     03.5    00.0   03.8     12.9    16:40      E 
02    22.4    24.7   14:33    19.3   06:40     00.0     04.1    00.0   06.0     20.4    16:23      E 
03    23.8    26.9   14:40    21.3   04:40     00.0     05.5    00.0   04.5     14.8    17:40     ENE
04    22.9    25.3   13:40    21.0   00:00     00.0     04.6    00.0   04.8     16.6    18:40     SSW
05    21.8    23.8   17:03    20.2   23:52     00.0     03.5    00.0   04.6     14.8    02:05     NNE
06    22.4    24.9   14:03    19.1   06:40     00.0     04.1    00.0   04.3     16.6    13:42      E 
07    22.9    25.1   13:19    20.8   06:32     00.0     04.6    00.0   06.2     27.8    19:01      S 
08    21.7    23.3   09:33    20.1   00:00     00.0     03.4    00.5   09.1     25.9    09:41      SW
09    21.7    23.6   15:32    19.2   01:39     00.0     03.4    00.0   07.6     27.8    12:20     SSW
10    22.6    25.3   13:29    18.7   01:29     00.0     04.3    00.0   06.0     16.6    13:36     ENE
11    22.4    23.6   19:03    20.9   00:49     00.0     04.1    00.0   01.6     09.3    20:30     ESE
12    22.7    23.9   18:02    21.5   18:00     00.0     04.4    00.0   09.2     24.1    21:02      SW
13    22.8    24.1   16:37    21.2   02:14     00.0     04.5    00.0   10.5     31.4    23:48      SW
14    20.6    21.8   00:25    18.1   23:59     00.0     02.3    05.2   17.3     33.3    23:41     SSW
15    20.4    23.3   13:48    18.1   03:46     00.0     02.1    15.5   11.9     31.4    00:30      SW
16    22.1    24.0   12:56    20.3   06:11     00.0     03.8    00.0   12.0     29.6    15:04      SW
17    22.5    23.9   17:04    20.6   06:13     00.0     04.2    00.0   08.2     20.4    17:33     WSW
18    22.4    24.1   14:20    20.6   02:19     00.0     04.1    00.0   06.8     16.6    17:36     WSW
19    23.4    25.5   19:04    20.6   18:00     00.0     05.1    00.0   01.8     11.1    18:02      SW
20    23.4    25.8   11:15    21.8   01:40     00.0     05.1    00.0   03.8     12.9    13:29     ENE
21    23.1    25.1   10:02    21.0   07:40     00.0     04.8    00.0   03.7     16.6    13:46     ENE
22    23.2    25.7   13:29    20.8   06:40     00.0     04.9    00.0   04.5     14.8    16:15     ESE
----------------------------------------------------------------------------------------------------------------------------------------------------------
22.4 (22.3)   26.9  day 03     18.1  day 14   000.0    090.4   021.1   06.7     33.3   day 14     SSW
Min <=   30: 22
Max Rain: 15.5 ON 15-06-18
Days of Rain: 3 (> .2mm) 2 (> 2mm) 0 (> 20mm)