Daily Noaa Report Mese


Daily NOAA report
                            MONTHLY CLIMATOLOGICAL SUMMARY for MAY. 2015

NAME: CEFALU'   CITY: Cefalů STATE: ITALIA
ELEV: 92 M LAT: 38.01  : LONG: 14.01

                            TEMPERATURE ( °C), RAIN (mm), WIND SPEED (kmh)

                                               HEAT     COOL           AVG
      MEAN                                     DEG      DEG            WIND                       DOM
DAY   TEMP    HIGH   TIME     LOW    TIME      DAYS     DAYS    RAIN   SPEED    HIGH    TIME      DIR
----------------------------------------------------------------------------------------------------------------------------------------------------------
01    15.8    18.6   15:14    12.4   05:22     02.5     00.0    00.0   05.0     18.5    15:14      E 
02    19.6    23.4   15:42    16.3   01:09     00.0     01.3    00.0   03.7     14.8    17:00     ENE
03    19.7    23.2   15:54    16.6   06:07     00.0     01.4    00.0   05.3     18.5    12:30      E 
04    21.4    23.9   07:44    18.4   03:01     00.0     03.1    00.0   04.6     16.6    14:21     ENE
05    25.2    28.2   21:44    19.9   00:41     00.0     06.9    00.0   05.1     16.6    14:45      E 
06    23.2    26.7   01:05    19.6   23:31     00.0     04.9    00.0   05.8     27.8    20:17     ENE
07    19.9    24.4   14:03    16.7   23:41     00.0     01.6    00.0   06.5     27.8    13:19      W 
08    19.5    22.7   22:45    16.0   06:22     00.0     01.2    00.0   05.2     33.3    23:05      E 
09    19.2    22.3   15:08    16.1   06:21     00.0     00.9    00.0   06.9     25.9    17:26     WSW
10    18.6    21.4   17:30    00.0   00:33     00.0     00.3    00.0   08.1     25.9    04:34     WSW
11    19.5    22.2   17:51    16.5   05:48     00.0     01.2    00.0   06.3     20.4    11:59     WSW
12    19.5    21.8   15:10    17.0   23:47     00.0     01.2    00.0   05.1     18.5    06:28     SSE
13    19.0    22.4   14:26    15.8   06:09     00.0     00.7    00.0   04.1     12.9    16:31      S 
14    22.1    25.9   15:18    16.8   04:32     00.0     03.8    00.0   03.7     14.8    13:09      E 
15    28.4    33.6   13:56    19.8   23:52     00.0     10.1    00.0   07.8     51.8    18:40     SSW
16    18.1    19.9   01:08    14.8   22:54     00.2     00.0    05.2   08.5     29.6    13:02      E 
17    15.1    17.6   10:52    13.5   17:39     03.2     00.0    34.2   05.0     27.8    15:23      SW
18    17.3    19.8   14:15    13.3   00:39     01.0     00.0    00.0   06.3     22.2    21:22      S 
19    19.8    22.1   09:32    17.3   00:01     00.0     01.5    00.0   07.1     27.8    07:11      SW
20    21.4    25.7   15:46    17.7   05:00     00.0     03.1    00.0   06.2     24.1    20:04     ESE
21    18.9    21.8   12:24    14.8   00:00     00.0     00.6    02.5   07.4     29.6    04:59     ESE
22    16.5    18.9   16:07    13.4   01:57     01.8     00.0    01.5   11.5     31.4    22:51     WSW
23    17.4    19.2   14:39    15.4   04:15     00.9     00.0    00.0   08.8     27.8    04:27      S 
24    17.8    19.6   13:27    16.3   06:08     00.5     00.0    00.0   11.9     29.6    08:31      SW
25    18.1    20.4   15:23    16.2   03:27     00.2     00.0    00.0   05.9     16.6    17:40     ESE
----------------------------------------------------------------------------------------------------------------------------------------------------------
19.6 (19.1)   33.6  day 15     00.0  day 10   010.4    043.8   043.5   06.5     51.8   day 15     SSW
Max >=  30: 1
Min <=   30: 25
Max Rain: 34.2 ON 17-05-15
Days of Rain: 4 (> .2mm) 3 (> 2mm) 1 (> 20mm)