Daily Noaa Report Mese


Daily NOAA report
                            MONTHLY CLIMATOLOGICAL SUMMARY for SEP. 2014

NAME: CEFALU'   CITY: Cefalů STATE: ITALIA
ELEV: 92 M LAT: 38.01  : LONG: 14.01

                            TEMPERATURE ( °C), RAIN (mm), WIND SPEED (kmh)

                                               HEAT     COOL           AVG
      MEAN                                     DEG      DEG            WIND                       DOM
DAY   TEMP    HIGH   TIME     LOW    TIME      DAYS     DAYS    RAIN   SPEED    HIGH    TIME      DIR
----------------------------------------------------------------------------------------------------------------------------------------------------------
01    25.9    30.4   13:45    21.1   19:07     00.0     07.6    01.0   13.3     42.5    18:24      SW
02    23.0    24.3   14:22    20.3   04:45     00.0     04.7    00.5   18.9     44.4    06:28      W 
03    23.6    25.1   13:20    21.8   03:28     00.0     05.3    00.0   12.1     31.4    06:52     WSW
04    23.4    25.9   15:12    21.6   23:23     00.0     05.1    00.0   08.5     27.8    05:50      SW
05    23.6    25.8   15:39    21.4   00:57     00.0     05.3    00.0   09.2     22.2    05:55      SW
06    24.0    26.1   15:03    21.2   19:10     00.0     05.7    00.0   12.1     27.8    09:41     WSW
07    24.1    26.4   16:14    21.6   23:53     00.0     05.8    00.0   07.2     27.8    03:55     SSE
08    22.8    23.6   22:49    21.5   01:16     00.0     04.5    00.0   02.4     12.9    01:21      SE
09    23.9    26.8   14:58    21.3   07:06     00.0     05.6    01.0   03.3     18.5    14:29      E 
10    24.4    27.8   21:47    21.3   05:03     00.0     06.1    00.5   04.2     18.5    21:38      SE
11    25.5    28.4   15:12    22.7   23:26     00.0     07.2    00.0   03.8     12.9    20:49     SSE
12    25.6    28.6   12:54    22.8   00:37     00.0     07.3    00.0   04.3     24.1    05:59      E 
13    25.1    27.4   15:07    23.1   05:54     00.0     06.8    00.0   05.4     25.9    07:06     WSW
14    23.3    26.4   15:12    20.8   07:10     00.0     05.0    00.0   05.4     22.2    02:33      S 
15    23.2    26.4   14:28    20.3   06:46     00.0     04.9    00.0   05.1     16.6    05:18      SE
16    23.6    26.3   14:08    21.1   06:47     00.0     05.3    00.0   03.2     16.6    14:37      E 
17    23.5    25.8   15:45    21.1   05:28     00.0     05.2    00.0   03.5     14.8    14:35      E 
18    25.4    29.0   15:30    22.3   04:43     00.0     07.1    00.0   04.3     18.5    10:22      E 
20    28.1    32.5   13:37    24.7   23:59     00.0     09.8    00.0   04.2     20.4    12:11      SE
21    26.9    32.4   15:41    23.3   06:05     00.0     08.6    00.0   03.1     12.9    06:32      SW
22    28.0    31.4   15:11    24.9   23:48     00.0     09.7    00.0   03.3     25.9    06:58     SSW
23    25.7    28.6   11:40    22.3   23:20     00.0     07.4    08.3   04.4     16.6    22:32     SSW
24    25.2    29.8   12:52    21.8   03:29     00.0     06.9    00.0   08.2     31.4    06:27      SW
25    23.4    25.8   06:06    20.5   08:46     00.0     05.1    03.1   05.1     31.4    06:43     SSE
26    23.4    25.1   14:25    22.1   23:16     00.0     05.1    00.0   07.2     25.9    06:44     WSW
27    21.9    23.2   13:59    19.2   16:38     00.0     03.6    00.0   07.4     29.6    08:27     ENE
28    21.4    23.1   10:45    18.9   23:17     00.0     03.1    00.0   04.5     18.5    11:23      E 
29    21.0    24.4   14:59    18.1   05:23     00.0     02.7    00.0   04.7     14.8    15:30      SE
30    21.2    23.9   15:39    18.8   05:48     00.0     02.9    00.0   03.9     14.8    14:52      SE
----------------------------------------------------------------------------------------------------------------------------------------------------------
24.1 (24.2)   32.5  day 19     18.1  day 29   000.0    169.6   016.4   06.3     44.4   day 02     SSW
Max >=  30: 4
Min <=   30: 29
Max Rain: 8.3 ON 23-09-14
Days of Rain: 6 (> .2mm) 2 (> 2mm) 0 (> 20mm)