Daily Noaa Report Mese


Daily NOAA report
                            MONTHLY CLIMATOLOGICAL SUMMARY for JUL. 2016

NAME:    CITY:  STATE: 
ELEV:  LAT:  LONG: 

                            TEMPERATURE ( ░C), RAIN (mm), WIND SPEED (kmh)

                                               HEAT     COOL           AVG
      MEAN                                     DEG      DEG            WIND                       DOM
DAY   TEMP    HIGH   TIME     LOW    TIME      DAYS     DAYS    RAIN   SPEED    HIGH    TIME      DIR
----------------------------------------------------------------------------------------------------------------------------------------------------------
02    25.7    27.9   14:04    23.2   06:00     00.0     07.4    00.0   00.0     00.0    00:00      N 
03    26.5    29.3   14:18    23.2   00:23     00.0     08.2    00.0   00.0     00.0    00:00      N 
05    26.2    27.8   15:05    23.8   00:48     00.0     07.9    00.0   00.0     00.0    00:00      N 
08    26.5    28.5   17:11    22.9   06:03     00.0     08.2    00.0   00.0     00.0    00:00      N 
09    26.7    28.7   15:08    24.3   01:22     00.0     08.4    00.0   00.0     00.0    00:00      N 
10    26.6    28.9   14:39    24.1   02:22     00.0     08.3    00.0   00.0     00.0    00:00      N 
11    27.5    29.1   13:57    25.6   07:09     00.0     09.2    00.0   00.0     00.0    00:00      N 
16    25.8    30.1   15:37    18.5   23:00     00.0     07.5    01.5   00.0     00.0    00:00      N 
17    23.1    25.1   12:27    20.4   23:54     00.0     04.8    00.0   00.0     00.0    00:00      N 
20    24.9    28.8   15:35    20.4   00:39     00.0     06.6    00.0   00.0     00.0    00:00      N 
22    26.5    29.6   15:21    22.4   01:37     00.0     08.2    00.0   00.0     00.0    00:00      N 
23    26.6    28.4   15:17    24.1   00:12     00.0     08.3    00.0   00.0     00.0    00:00      N 
26    25.8    27.9   13:38    23.3   22:32     00.0     07.5    00.0   00.0     00.0    00:00      N 
27    24.8    26.6   11:38    22.9   06:04     00.0     06.5    00.0   00.0     00.0    00:00      N 
28    25.0    27.8   15:18    21.9   05:46     00.0     06.7    00.0   00.0     00.0    00:00      N 
----------------------------------------------------------------------------------------------------------------------------------------------------------
25.9 (25.5)   30.1  day 13     18.5  day 15   000.0    113.7   097.3   00.0     00.0   day 29     N
Max >=  30: 1
Min <=   30: 15
Max Rain: 1.5 ON 16-07-16
Days of Rain: 1 (> .2mm) 0 (> 2mm) 0 (> 20mm)