Daily Noaa Report Mese


Daily NOAA report
                            MONTHLY CLIMATOLOGICAL SUMMARY for APR. 2019

NAME:    CITY:  STATE: 
ELEV:  LAT:  LONG: 

                            TEMPERATURE ( ░C), RAIN (mm), WIND SPEED (kmh)

                                               HEAT     COOL           AVG
      MEAN                                     DEG      DEG            WIND                       DOM
DAY   TEMP    HIGH   TIME     LOW    TIME      DAYS     DAYS    RAIN   SPEED    HIGH    TIME      DIR
----------------------------------------------------------------------------------------------------------------------------------------------------------
01    12.7    15.3   13:40    09.8   06:40     05.6     00.0    00.0   03.3     16.6    17:59     ESE
02    13.5    15.2   12:50    12.3   02:57     04.8     00.0    00.0   02.9     14.8    03:28      SE
03    13.4    15.5   12:40    10.7   07:40     04.9     00.0    00.0   04.9     11.1    17:40     ESE
04    15.5    18.9   13:40    13.9   22:40     02.8     00.0    03.6   04.1     11.1    21:40     SSE
05    12.9    15.8   04:40    10.4   22:30     05.4     00.0    02.5   02.2     11.1    22:27     ESE
06    13.0    15.9   14:22    10.6   00:07     05.3     00.0    00.0   04.1     16.6    14:31     ESE
07    13.1    15.1   13:19    11.2   20:27     05.2     00.0    00.0   05.0     29.6    23:35     SSW
08    13.2    15.0   15:57    11.6   05:38     05.1     00.0    00.0   11.8     31.4    02:54      SW
09    14.4    16.5   16:09    12.5   00:14     03.9     00.0    00.0   12.4     37.0    02:41     SSW
10    15.5    18.6   11:55    12.5   21:32     02.8     00.0    00.0   11.6     33.3    11:33      SW
11    14.4    16.9   12:18    11.3   22:01     03.9     00.0    00.5   12.2     44.4    02:44     SSW
12    13.5    17.1   11:49    10.9   23:02     04.8     00.0    05.6   06.4     33.3    11:31     SSW
13    13.4    15.8   14:40    11.2   00:04     04.9     00.0    01.0   11.3     29.6    07:22      SW
14    14.1    16.6   11:03    11.5   02:25     04.2     00.0    01.5   11.1     50.0    23:58      SW
15    13.2    16.3   00:01    09.1   07:05     05.1     00.0    03.1   14.6     61.0    00:18     SSW
16    13.9    16.3   13:25    11.9   04:45     04.4     00.0    00.0   05.1     18.5    06:18     SSE
17    14.5    16.6   16:50    12.6   06:03     03.8     00.0    00.0   03.3     14.8    14:02     ENE
18    14.5    16.9   13:58    11.2   05:48     03.8     00.0    00.0   04.4     16.6    15:57     ENE
19    15.4    18.3   14:21    11.6   05:19     02.9     00.0    00.0   03.8     14.8    19:26      E 
20    15.6    17.8   19:27    12.7   07:40     02.7     00.0    00.0   04.2     25.9    21:59     ENE
----------------------------------------------------------------------------------------------------------------------------------------------------------
14.0 (14.0)   18.9  day 04     09.1  day 15   086.2    000.0   017.9   06.9     61.1   day 15     SSW
Min <=   30: 20
Max Rain: 5.6 ON 12-04-19
Days of Rain: 7 (> .2mm) 4 (> 2mm) 0 (> 20mm)