Daily Noaa Report Mese


Daily NOAA report
                            MONTHLY CLIMATOLOGICAL SUMMARY for SEP. 2017

NAME:    CITY:  STATE: 
ELEV:  LAT:  LONG: 

                            TEMPERATURE ( ░C), RAIN (mm), WIND SPEED (kmh)

                                               HEAT     COOL           AVG
      MEAN                                     DEG      DEG            WIND                       DOM
DAY   TEMP    HIGH   TIME     LOW    TIME      DAYS     DAYS    RAIN   SPEED    HIGH    TIME      DIR
----------------------------------------------------------------------------------------------------------------------------------------------------------
01    27.1    29.6   17:36    24.4   06:44     00.0     08.8    00.0   04.0     12.9    14:27     ESE
02    27.0    31.9   16:03    24.7   04:30     00.0     08.7    00.0   06.5     35.1    16:21      W 
03    24.5    25.8   13:40    22.9   05:40     00.0     06.2    00.0   12.4     29.6    02:01     WSW
04    24.0    26.3   16:40    21.3   06:40     00.0     05.7    00.0   04.8     12.9    17:40      E 
05    23.8    26.9   14:44    21.1   05:32     00.0     05.5    00.0   04.7     14.8    22:21      SE
06    23.8    26.4   13:23    21.5   06:54     00.0     05.5    00.0   04.1     14.8    15:26     ESE
07    24.3    27.4   14:07    21.2   04:39     00.0     06.0    00.0   03.6     12.9    15:44     ESE
08    24.2    26.6   10:18    21.9   14:13     00.0     05.9    00.5   05.0     25.9    23:41      S 
09    24.1    27.3   13:20    21.2   01:42     00.0     05.8    00.0   06.9     27.8    06:58     SSW
10    27.8    32.7   14:40    21.9   01:17     00.0     09.5    00.0   07.9     33.3    18:59     SSW
11    22.0    25.9   13:40    15.3   04:40     00.0     03.7    17.6   19.0     42.5    13:51      SW
12    24.5    27.3   12:44    21.9   22:59     00.0     06.2    00.0   15.7     46.3    05:03      SW
13    23.8    26.3   15:30    21.1   05:33     00.0     05.5    00.0   03.4     18.5    23:35      E 
14    23.2    25.3   13:27    20.9   23:30     00.0     04.9    00.0   04.6     16.6    16:50     ENE
15    22.8    25.3   12:51    20.2   06:44     00.0     04.5    00.0   05.0     16.6    15:56     ESE
16    26.8    32.6   23:36    22.4   00:03     00.0     08.5    00.0   04.7     20.4    14:14     ESE
17    25.4    33.3   00:15    20.7   23:59     00.0     07.1    00.0   04.9     22.2    16:56      NE
18    22.1    24.1   13:40    20.4   23:52     00.0     03.8    00.0   04.3     22.2    15:41     ENE
19    22.5    25.1   14:34    20.5   23:59     00.0     04.2    00.0   08.3     27.8    00:00     WSW
20    21.1    22.6   14:04    20.1   07:40     00.0     02.8    00.0   18.0     35.1    09:55     WSW
21    20.9    23.3   15:28    18.2   22:05     00.0     02.6    00.0   07.4     27.8    01:58     WSW
----------------------------------------------------------------------------------------------------------------------------------------------------------
24.1 (24.2)   33.3  day 17     15.3  day 11   000.0    121.6   018.1   07.4     46.3   day 11      SW
Max >=  30: 4
Min <=   30: 21
Max Rain: 17.6 ON 11-09-17
Days of Rain: 2 (> .2mm) 1 (> 2mm) 0 (> 20mm)