Daily Noaa Report Mese


Daily NOAA report
                            MONTHLY CLIMATOLOGICAL SUMMARY for APR. 2018

NAME:    CITY:  STATE: 
ELEV:  LAT:  LONG: 

                            TEMPERATURE ( ░C), RAIN (mm), WIND SPEED (kmh)

                                               HEAT     COOL           AVG
      MEAN                                     DEG      DEG            WIND                       DOM
DAY   TEMP    HIGH   TIME     LOW    TIME      DAYS     DAYS    RAIN   SPEED    HIGH    TIME      DIR
----------------------------------------------------------------------------------------------------------------------------------------------------------
01    13.9    15.8   13:13    12.4   00:00     04.4     00.0    00.0   22.0     51.8    16:05      SW
02    13.0    15.4   13:19    09.5   07:40     05.3     00.0    00.0   06.1     29.6    00:45     ESE
03    14.9    18.4   16:37    11.6   05:40     03.4     00.0    00.0   04.2     14.8    18:00      E 
04    16.9    20.4   15:52    14.8   00:00     01.4     00.0    00.0   05.5     16.6    18:44      E 
05    14.9    17.5   14:40    12.5   08:40     03.4     00.0    00.0   09.7     33.3    17:58     SSW
06    14.4    16.2   11:48    11.5   22:52     03.9     00.0    00.0   07.4     18.5    11:21      SW
07    14.2    17.3   16:30    10.9   06:40     04.1     00.0    00.0   04.0     16.6    13:50     ENE
08    18.2    24.8   15:24    12.3   06:40     00.1     00.0    00.0   07.3     59.2    20:11      S 
09    15.8    21.1   00:55    12.8   23:48     02.5     00.0    00.0   04.7     29.6    00:56     SSW
10    13.8    15.9   12:33    11.5   05:40     04.5     00.0    00.0   05.4     22.2    10:57     ENE
11    18.1    24.5   17:30    13.8   07:40     00.2     00.0    01.0   04.8     22.2    19:09     ENE
12    16.6    19.5   16:43    13.9   23:05     01.7     00.0    00.0   05.3     22.2    16:59      SE
13    15.3    17.3   15:30    13.3   02:40     03.0     00.0    00.0   05.6     20.4    17:48     ENE
14    23.2    23.2   00:00    23.1   23:04     00.0     04.9    00.0   03.8     18.5    00:00     ESE
15    14.5    14.6   00:00    14.5   23:00     03.8     00.0    00.0   23.9     24.1    00:00      SW
16    16.3    19.2   15:23    13.8   00:00     02.0     00.0    00.0   08.7     29.6    14:18      SW
17    15.8    18.3   11:44    13.1   02:40     02.5     00.0    00.0   03.3     14.8    16:49     ENE
18    15.0    17.9   12:15    12.9   22:43     03.3     00.0    04.1   02.8     14.8    16:46     ESE
19    15.2    18.1   15:28    12.5   07:40     03.1     00.0    00.0   03.4     14.8    12:07     ENE
20    16.5    19.0   15:23    13.6   06:40     01.8     00.0    00.0   03.0     12.9    16:06      E 
----------------------------------------------------------------------------------------------------------------------------------------------------------
16.1 (16.0)   24.9  day 14     09.5  day 02   054.3    006.4   010.3   07.1     59.2   day 08      S 
Min <=   30: 22
Max Rain: 5.2 ON 15-04-18
Days of Rain: 3 (> .2mm) 2 (> 2mm) 0 (> 20mm)