Daily Noaa Report Mese


Daily NOAA report
                            MONTHLY CLIMATOLOGICAL SUMMARY for SEP. 2016

NAME:    CITY:  STATE: 
ELEV:  LAT:  LONG: 

                            TEMPERATURE ( ░C), RAIN (mm), WIND SPEED (kmh)

                                               HEAT     COOL           AVG
      MEAN                                     DEG      DEG            WIND                       DOM
DAY   TEMP    HIGH   TIME     LOW    TIME      DAYS     DAYS    RAIN   SPEED    HIGH    TIME      DIR
----------------------------------------------------------------------------------------------------------------------------------------------------------
03    25.5    27.8   16:16    21.8   04:07     00.0     07.2    00.0   00.0     00.0    00:00      N 
04    25.2    28.3   13:59    23.0   06:05     00.0     06.9    00.0   00.0     00.0    00:00      N 
05    25.7    28.8   13:46    22.2   06:40     00.0     07.4    00.0   00.0     00.0    00:00      N 
06    24.8    27.4   02:39    21.6   23:59     00.0     06.5    04.1   00.0     00.0    00:00      N 
09    22.5    24.8   17:28    18.1   19:11     00.0     04.2    02.1   00.0     00.0    00:00      N 
10    24.6    26.5   14:26    22.6   00:25     00.0     06.3    00.0   00.0     00.0    00:00      N 
12    23.8    26.1   15:00    20.7   07:01     00.0     05.5    00.0   00.0     00.0    00:00      N 
17    24.5    27.3   16:36    20.8   06:58     00.0     06.2    00.0   00.0     00.0    00:00      N 
18    23.6    26.4   13:48    20.4   06:37     00.0     05.3    00.0   00.0     00.0    00:00      N 
22    22.9    25.0   14:45    18.5   09:49     00.0     04.6    00.5   00.0     00.0    00:00      N 
23    22.0    24.6   12:50    19.1   05:08     00.0     03.7    00.0   00.0     00.0    00:00      N 
25    21.6    24.4   15:11    18.9   14:32     00.0     03.3    08.2   00.0     00.0    00:00      N 
26    20.6    22.9   12:40    18.4   07:30     00.0     02.3    10.3   00.0     00.0    00:00      N 
27    20.9    23.4   16:07    18.4   04:46     00.0     02.6    00.0   00.0     00.0    00:00      N 
28    21.1    24.1   15:34    18.4   06:20     00.0     02.8    00.0   00.0     00.0    00:00      N 
29    21.4    23.7   12:46    19.4   07:48     00.0     03.1    00.0   00.0     00.0    00:00      N 
----------------------------------------------------------------------------------------------------------------------------------------------------------
23.2 (22.9)   28.8  day 05     18.1  day 07   000.0    077.8   030.0   00.0     00.0   day 30     N
Min <=   30: 16
Max Rain: 10.3 ON 26-09-16
Days of Rain: 5 (> .2mm) 4 (> 2mm) 0 (> 20mm)