Daily Noaa Report Mese


Daily NOAA report
                            MONTHLY CLIMATOLOGICAL SUMMARY for AUG. 2016

NAME:    CITY:  STATE: 
ELEV:  LAT:  LONG: 

                            TEMPERATURE ( ░C), RAIN (mm), WIND SPEED (kmh)

                                               HEAT     COOL           AVG
      MEAN                                     DEG      DEG            WIND                       DOM
DAY   TEMP    HIGH   TIME     LOW    TIME      DAYS     DAYS    RAIN   SPEED    HIGH    TIME      DIR
----------------------------------------------------------------------------------------------------------------------------------------------------------
01    27.8    31.2   11:03    24.5   01:25     00.0     09.5    00.0   00.0     00.0    00:00      N 
02    26.3    28.6   13:23    23.6   06:21     00.0     08.0    00.0   00.0     00.0    00:00      N 
03    25.7    27.6   16:00    23.2   06:03     00.0     07.4    00.0   00.0     00.0    00:00      N 
04    25.5    27.4   16:53    23.2   02:58     00.0     07.2    00.0   00.0     00.0    00:00      N 
06    26.6    29.1   15:47    23.3   04:57     00.0     08.3    00.0   00.0     00.0    00:00      N 
07    24.5    27.1   15:52    21.2   02:26     00.0     06.2    06.2   00.0     00.0    00:00      N 
08    25.6    27.3   15:53    22.8   00:45     00.0     07.3    00.0   00.0     00.0    00:00      N 
09    25.4    27.7   14:43    23.3   00:00     00.0     07.1    00.0   00.0     00.0    00:00      N 
10    25.7    27.7   17:49    22.6   02:33     00.0     07.4    00.0   00.0     00.0    00:00      N 
11    25.5    29.1   10:39    23.3   05:08     00.0     07.2    00.0   00.0     00.0    00:00      N 
12    25.4    27.1   15:31    23.0   23:01     00.0     07.1    00.0   00.0     00.0    00:00      N 
13    24.9    26.5   13:32    21.9   01:11     00.0     06.6    00.0   00.0     00.0    00:00      N 
14    24.8    26.8   15:05    22.6   00:00     00.0     06.5    00.0   00.0     00.0    00:00      N 
15    24.5    26.9   15:42    21.6   02:40     00.0     06.2    00.0   00.0     00.0    00:00      N 
16    24.0    26.9   15:09    21.2   03:31     00.0     05.7    00.0   00.0     00.0    00:00      N 
17    24.6    26.4   17:31    21.9   01:38     00.0     06.3    00.0   00.0     00.0    00:00      N 
18    25.0    26.9   16:21    22.9   22:42     00.0     06.7    00.0   00.0     00.0    00:00      N 
19    25.7    27.6   15:37    22.9   01:53     00.0     07.4    00.0   00.0     00.0    00:00      N 
20    26.6    28.8   13:42    23.8   01:58     00.0     08.3    00.0   00.0     00.0    00:00      N 
21    26.7    28.9   14:13    23.9   02:09     00.0     08.4    00.0   00.0     00.0    00:00      N 
22    26.3    28.0   14:26    24.6   02:07     00.0     08.0    00.0   00.0     00.0    00:00      N 
27    25.4    28.3   14:29    22.1   09:18     00.0     07.1    03.6   00.0     00.0    00:00      N 
29    25.6    27.9   16:31    22.8   07:10     00.0     07.3    00.0   00.0     00.0    00:00      N 
----------------------------------------------------------------------------------------------------------------------------------------------------------
25.6 (25.3)   31.2  day 01     21.2  day 16   000.0    167.3   010.3   00.0     00.0   day 30     N
Max >=  30: 1
Min <=   30: 23
Max Rain: 6.2 ON 7-08-16
Days of Rain: 2 (> .2mm) 2 (> 2mm) 0 (> 20mm)