Daily Noaa Report Mese


Daily NOAA report
                            MONTHLY CLIMATOLOGICAL SUMMARY for NOV. 2017

NAME:    CITY:  STATE: 
ELEV:  LAT:  LONG: 

                            TEMPERATURE ( ░C), RAIN (mm), WIND SPEED (kmh)

                                               HEAT     COOL           AVG
      MEAN                                     DEG      DEG            WIND                       DOM
DAY   TEMP    HIGH   TIME     LOW    TIME      DAYS     DAYS    RAIN   SPEED    HIGH    TIME      DIR
----------------------------------------------------------------------------------------------------------------------------------------------------------
01    18.4    20.1   12:40    16.4   00:01     00.0     00.1    00.0   08.1     20.4    05:40      SW
02    16.9    19.2   14:04    15.1   23:37     01.4     00.0    03.6   02.8     09.3    23:51     SSE
03    17.0    19.9   13:40    14.3   02:40     01.3     00.0    00.0   03.6     16.6    18:03     ESE
04    17.0    19.8   13:40    14.5   04:40     01.3     00.0    00.0   03.8     11.1    22:13      SE
05    18.2    20.9   22:46    15.4   07:40     00.1     00.0    00.0   04.2     18.5    23:14     SSE
06    16.5    19.6   13:09    12.8   23:30     01.8     00.0    05.7   11.6     40.7    16:38      SW
07    15.3    18.3   14:40    12.2   00:19     03.0     00.0    00.5   12.9     53.6    23:40     SSW
08    16.2    18.1   13:40    14.9   00:26     02.1     00.0    00.0   19.2     37.0    09:44     SSW
09    17.8    20.1   13:40    14.9   18:53     00.5     00.0    00.0   08.6     20.4    02:40     SSW
10    17.1    19.0   14:40    15.4   08:40     01.2     00.0    03.6   05.2     16.6    21:51     SSW
11    16.0    18.1   15:40    14.6   23:52     02.3     00.0    10.4   02.1     11.1    23:57     SSE
12    16.4    18.1   13:39    14.4   00:39     01.9     00.0    00.0   04.5     24.1    23:40      S 
13    15.9    18.9   10:01    12.2   16:05     02.4     00.0    04.1   20.7     44.4    10:07     SSW
14    13.3    14.2   13:40    11.8   22:36     05.0     00.0    04.1   07.3     92.5    10:21      S 
15    13.3    16.6   15:40    10.6   05:40     05.0     00.0    00.0   03.3     11.1    22:09      S 
16    13.9    15.9   14:40    12.6   18:54     04.4     00.0    06.7   10.0     29.6    19:18     SSW
17    14.5    16.3   23:23    12.6   07:43     03.8     00.0    07.8   11.9     33.3    05:40     SSW
18    14.9    15.9   01:07    13.6   19:03     03.4     00.0    04.1   15.9     29.6    23:11     SSW
19    15.2    16.5   14:40    13.2   09:40     03.1     00.0    01.0   17.3     33.3    06:40     SSW
20    14.9    16.8   15:40    11.8   23:28     03.4     00.0    00.0   09.6     29.6    01:05      SW
21    15.0    17.6   12:40    11.4   05:40     03.3     00.0    00.0   07.3     22.2    18:45     SSW
22    15.1    17.6   14:40    12.9   00:00     03.2     00.0    00.0   04.5     16.6    05:40     SSW
23    13.2    13.4   00:00    13.1   00:40     05.1     00.0    00.0   05.3     09.3    23:04      SE
----------------------------------------------------------------------------------------------------------------------------------------------------------
15.7 (15.7)   20.9  day 05    -04.7  day 23   063.0    000.1   047.4   08.4     92.5   day 14     SSW
Min <=   30: 24
Max Rain: 10.4 ON 11-11-17
Days of Rain: 11 (> .2mm) 9 (> 2mm) 0 (> 20mm)