Daily Noaa Report Mese


Daily NOAA report
                            MONTHLY CLIMATOLOGICAL SUMMARY for DEC. 2019

NAME:    CITY:  STATE: 
ELEV:  LAT:  LONG: 

                            TEMPERATURE ( ░C), RAIN (mm), WIND SPEED (kmh)

                                               HEAT     COOL           AVG
      MEAN                                     DEG      DEG            WIND                       DOM
DAY   TEMP    HIGH   TIME     LOW    TIME      DAYS     DAYS    RAIN   SPEED    HIGH    TIME      DIR
----------------------------------------------------------------------------------------------------------------------------------------------------------
01    13.4    15.8   13:34    11.3   05:26     04.9     00.0    00.0   03.7     12.9    19:20      SE
02    16.4    20.3   12:09    12.9   03:06     01.9     00.0    00.0   04.5     22.2    03:41      S 
03    15.8    18.3   11:25    13.9   06:37     02.5     00.0    00.0   03.5     11.1    15:50     SSE
04    16.1    19.8   12:35    13.3   02:55     02.2     00.0    00.0   05.0     33.3    23:02      S 
05    15.4    17.3   11:41    13.9   23:10     02.9     00.0    00.0   04.2     18.5    07:40      S 
06    14.6    16.6   11:53    12.5   23:59     03.7     00.0    00.0   04.6     18.5    15:32      S 
07    14.2    16.9   11:28    11.6   00:37     04.1     00.0    00.0   02.5     11.1    02:13      SE
08    13.7    15.8   11:06    12.1   05:27     04.6     00.0    00.0   03.6     14.8    14:48      SE
09    14.1    15.9   11:59    12.3   01:57     04.2     00.0    00.0   07.8     29.6    22:25     SSW
10    12.1    14.5   01:41    08.6   23:01     06.2     00.0    06.2   09.8     40.7    03:50     SSW
11    12.1    13.6   12:14    09.4   00:01     06.2     00.0    05.6   07.8     31.4    08:49      SW
12    11.8    13.4   09:13    09.9   20:51     06.5     00.0    03.1   20.5     42.5    13:20     SSW
13    12.1    12.3   00:00    11.2   00:08     06.2     00.0    00.0   29.3     55.5    00:10     SSW
14    15.2    16.6   23:14    12.3   01:54     03.1     00.0    00.0   19.7     61.0    01:40      SW
----------------------------------------------------------------------------------------------------------------------------------------------------------
14.1 (14.0)   20.3  day 02     08.6  day 10   063.6    000.0   015.9   10.3     70.3   day 14     SSW
Min <=   30: 15
Max Rain: 6.2 ON 10-12-19
Days of Rain: 4 (> .2mm) 3 (> 2mm) 0 (> 20mm)