Daily Noaa Report Mese


Daily NOAA report
                            MONTHLY CLIMATOLOGICAL SUMMARY for NOV. 2014

NAME: CEFALU'   CITY: Cefalů STATE: ITALIA
ELEV: 92 M LAT: 38.01  : LONG: 14.01

                            TEMPERATURE ( °C), RAIN (mm), WIND SPEED (kmh)

                                               HEAT     COOL           AVG
      MEAN                                     DEG      DEG            WIND                       DOM
DAY   TEMP    HIGH   TIME     LOW    TIME      DAYS     DAYS    RAIN   SPEED    HIGH    TIME      DIR
----------------------------------------------------------------------------------------------------------------------------------------------------------
01    16.6    19.2   12:46    14.5   00:00     01.7     00.0    00.0   04.1     16.6    00:54     SSE
02    16.0    19.1   12:23    13.8   05:34     02.3     00.0    00.0   04.2     16.6    04:11     SSE
03    16.7    19.6   12:44    14.2   04:48     01.6     00.0    00.0   03.8     14.8    04:15     SSE
04    19.3    23.6   12:06    15.3   00:33     00.0     01.0    00.0   03.6     27.8    21:20     SSE
05    22.6    26.2   13:44    19.9   02:27     00.0     04.3    00.0   06.0     33.3    08:13     ESE
06    21.9    26.5   12:28    17.7   23:44     00.0     03.6    03.1   06.5     27.8    12:35     ESE
07    18.0    20.4   12:57    15.9   22:12     00.3     00.0    01.0   05.9     29.6    13:43      E 
08    18.4    20.1   14:53    15.4   02:16     00.0     00.1    01.0   10.9     44.4    07:50      E 
09    18.2    21.1   12:39    16.3   22:19     00.1     00.0    00.0   04.6     18.5    02:47     SSW
10    18.5    20.5   14:32    16.1   00:39     00.0     00.2    00.0   03.3     12.9    06:59     SSW
11    20.0    22.1   12:14    17.5   01:16     00.0     01.7    00.0   05.2     25.9    15:45      E 
12    19.0    21.8   11:49    17.1   06:41     00.0     00.7    00.0   09.2     40.7    23:35      SW
13    17.8    19.2   13:15    15.9   21:42     00.5     00.0    02.0   20.4     42.5    05:48      SW
14    17.5    19.8   15:41    15.0   22:22     00.8     00.0    00.0   10.9     33.3    07:49      SW
15    18.5    23.3   21:40    14.9   02:36     00.0     00.2    00.0   03.5     33.3    21:41      S 
16    18.6    20.8   12:24    16.2   18:37     00.0     00.3    00.0   07.7     35.1    22:14     SSW
17    18.6    20.1   11:47    17.5   03:13     00.0     00.3    00.0   06.9     29.6    06:22     SSW
18    18.5    20.5   12:31    16.9   08:23     00.0     00.2    00.0   05.7     24.1    07:43      SW
19    17.4    19.9   13:58    14.7   23:03     00.9     00.0    00.0   06.8     22.2    12:38      SW
20    16.0    19.3   14:38    14.3   20:19     02.3     00.0    00.0   03.9     14.8    21:47     SSW
21    15.1    18.3   12:38    13.1   07:33     03.2     00.0    00.0   03.2     12.9    12:11     SSE
22    15.4    18.3   12:22    13.6   03:13     02.9     00.0    00.0   02.8     12.9    07:16     SSE
----------------------------------------------------------------------------------------------------------------------------------------------------------
18.1 (18.3)   26.5  day 06     13.1  day 21   016.7    012.6   007.1   06.3     44.4   day 13     SSW
Min <=   30: 22
Max Rain: 3.1 ON 6-11-14
Days of Rain: 4 (> .2mm) 2 (> 2mm) 0 (> 20mm)