Daily Noaa Report Mese


Daily NOAA report
                            MONTHLY CLIMATOLOGICAL SUMMARY for FEB. 2019

NAME:    CITY:  STATE: 
ELEV:  LAT:  LONG: 

                            TEMPERATURE ( ░C), RAIN (mm), WIND SPEED (kmh)

                                               HEAT     COOL           AVG
      MEAN                                     DEG      DEG            WIND                       DOM
DAY   TEMP    HIGH   TIME     LOW    TIME      DAYS     DAYS    RAIN   SPEED    HIGH    TIME      DIR
----------------------------------------------------------------------------------------------------------------------------------------------------------
01    17.4    20.6   12:20    12.8   00:33     00.9     00.0    00.0   10.3     33.3    02:51     SSE
02    17.7    23.5   13:55    12.8   23:16     00.6     00.0    00.0   06.8     42.5    15:08      S 
03    12.0    15.9   12:54    09.0   21:03     06.3     00.0    00.5   08.1     29.6    15:08     SSW
04    10.1    12.2   10:17    07.8   21:27     08.2     00.0    15.5   02.8     20.4    18:16      E 
05    11.1    13.4   14:23    07.9   02:08     07.2     00.0    15.4   05.3     29.6    14:16     ENE
06    12.0    13.6   12:10    09.8   23:30     06.3     00.0    00.0   09.6     25.9    21:10     SSW
07    11.9    14.2   13:39    09.6   00:22     06.4     00.0    00.0   05.6     20.4    15:39     SSW
08    10.6    13.4   14:23    08.6   03:19     07.7     00.0    00.0   03.7     12.9    11:35      S 
09    10.8    14.2   15:21    08.5   05:10     07.5     00.0    00.0   04.3     14.8    05:33      S 
10    10.8    13.3   13:26    08.3   03:40     07.5     00.0    00.0   03.1     12.9    02:40     ESE
11    15.3    18.8   02:40    11.8   00:00     03.0     00.0    00.0   24.5     55.5    08:44      SW
12    09.9    11.8   00:23    07.1   06:55     08.4     00.0    04.1   10.6     38.9    14:56     ENE
13    09.9    10.6   12:30    09.3   06:23     08.4     00.0    00.0   14.4     31.4    22:49      NE
14    10.1    12.7   14:22    08.1   08:26     08.2     00.0    00.0   07.3     27.8    03:25     ESE
15    11.1    13.6   14:43    07.9   00:00     07.2     00.0    00.0   08.9     29.6    20:07     SSW
16    09.8    12.8   12:27    07.8   00:02     08.5     00.0    00.0   02.9     12.9    22:53      E 
17    09.5    12.8   14:00    07.2   03:37     08.8     00.0    00.0   02.7     14.8    00:32     ESE
18    09.9    13.1   13:04    07.9   06:59     08.4     00.0    00.0   02.7     14.8    13:39     ESE
19    10.1    13.0   12:44    08.1   02:59     08.2     00.0    00.0   02.5     11.1    00:54     ESE
20    10.4    13.4   13:07    08.1   23:37     07.9     00.0    00.0   02.4     11.1    23:51      E 
21    11.3    13.9   13:30    08.3   00:11     07.0     00.0    00.0   04.0     11.1    21:22     ESE
----------------------------------------------------------------------------------------------------------------------------------------------------------
11.5 (11.6)   23.5  day 02     07.1  day 12   142.6    000.0   035.5   06.8     55.5   day 11      S 
Min <=   30: 21
Max Rain: 15.5 ON 4-02-19
Days of Rain: 4 (> .2mm) 3 (> 2mm) 0 (> 20mm)