Daily Noaa Report Mese


Daily NOAA report
                            MONTHLY CLIMATOLOGICAL SUMMARY for JAN. 2017

NAME:    CITY:  STATE: 
ELEV:  LAT:  LONG: 

                            TEMPERATURE ( ░C), RAIN (mm), WIND SPEED (kmh)

                                               HEAT     COOL           AVG
      MEAN                                     DEG      DEG            WIND                       DOM
DAY   TEMP    HIGH   TIME     LOW    TIME      DAYS     DAYS    RAIN   SPEED    HIGH    TIME      DIR
----------------------------------------------------------------------------------------------------------------------------------------------------------
01    09.5    12.9   15:02    06.9   06:46     08.8     00.0    00.0   04.9     14.8    19:38      S 
02    12.4    58.7   14:04    09.6   00:45     05.9     00.0    00.0   07.4     25.9    10:33      SW
03    13.1    15.9   14:26    09.4   05:13     05.2     00.0    00.0   11.3     35.1    16:03     SSW
04    12.3    14.4   00:24    10.1   08:12     06.0     00.0    05.6   16.3     37.0    07:13      SW
05    11.7    14.4   11:03    07.6   23:49     06.6     00.0    03.6   21.9     62.9    07:34      SW
06    05.1    08.6   00:32    02.4   15:55     13.2     00.0    07.6   14.3     50.0    14:49     WSW
07    04.9    05.8   23:52    02.6   09:01     13.4     00.0    01.0   08.6     31.4    19:04     WSW
08    06.5    08.6   14:23    05.2   07:00     11.8     00.0    00.0   03.9     29.6    02:10     ESE
09    07.4    09.0   23:58    05.8   22:17     10.9     00.0    01.0   08.2     31.4    06:41     ENE
10    09.3    12.4   13:36    05.4   02:45     09.0     00.0    01.0   13.8     51.8    14:40      SW
11    10.4    11.8   09:51    08.3   22:15     07.9     00.0    02.0   07.8     31.4    02:07      S 
12    10.8    13.9   22:05    06.9   06:38     07.5     00.0    00.0   06.0     29.6    23:36     SSW
13    14.4    16.4   15:20    11.2   23:46     03.9     00.0    02.6   21.9     70.3    04:39      SW
14    10.0    11.8   00:39    07.5   20:17     08.3     00.0    00.5   15.3     44.4    06:14      SW
15    09.3    11.1   14:30    05.3   17:41     09.0     00.0    02.6   18.6     53.6    16:47      SW
16    07.9    09.8   14:43    05.2   05:13     10.4     00.0    02.5   19.7     51.8    16:28      SW
17    07.3    10.1   12:28    05.1   22:20     11.0     00.0    01.0   06.9     40.7    12:40     SSW
18    09.0    11.9   13:57    05.6   01:47     09.3     00.0    00.0   12.2     48.1    17:58     SSW
19    10.2    12.9   13:10    07.9   00:00     08.1     00.0    00.0   08.4     31.4    04:47      SW
20    11.1    13.5   23:59    07.3   05:40     07.2     00.0    00.0   03.7     22.2    23:18      E 
21    14.6    17.2   13:58    12.9   00:42     03.7     00.0    00.0   09.8     40.7    22:20      E 
22    13.9    15.6   14:24    11.3   00:00     04.4     00.0    08.3   11.0     40.7    12:12     ENE
23    12.1    15.2   12:41    10.4   22:45     06.2     00.0    01.0   02.9     14.8    07:42      S 
----------------------------------------------------------------------------------------------------------------------------------------------------------
10.1 (10.9)   58.7  day 02     02.4  day 06   187.7    000.0   040.3   11.1     70.3   day 13     SSW
Max >=  30: 1
Min <=   30: 23
Max Rain: 8.3 ON 22-01-17
Days of Rain: 14 (> .2mm) 8 (> 2mm) 0 (> 20mm)