Daily Noaa Report Mese


Daily NOAA report
                            MONTHLY CLIMATOLOGICAL SUMMARY for FEB. 2017

NAME:    CITY:  STATE: 
ELEV:  LAT:  LONG: 

                            TEMPERATURE ( ░C), RAIN (mm), WIND SPEED (kmh)

                                               HEAT     COOL           AVG
      MEAN                                     DEG      DEG            WIND                       DOM
DAY   TEMP    HIGH   TIME     LOW    TIME      DAYS     DAYS    RAIN   SPEED    HIGH    TIME      DIR
----------------------------------------------------------------------------------------------------------------------------------------------------------
01    12.5    15.8   12:58    09.7   01:35     05.8     00.0    00.0   03.9     12.9    20:52     SSE
02    14.7    17.3   15:52    11.9   06:16     03.6     00.0    00.0   02.8     12.9    12:58     SSE
03    15.2    18.5   12:49    12.6   23:33     03.1     00.0    00.0   02.8     20.4    02:42     SSE
04    17.1    20.0   14:12    13.5   00:46     01.2     00.0    00.0   22.0     51.8    22:49      SW
05    17.8    21.6   13:09    14.9   00:00     00.5     00.0    00.0   14.9     53.6    01:16      SW
06    11.7    14.8   00:01   -10.0   06:40     06.6     00.0    03.1   25.0     81.4    11:03      SW
07    11.4    13.3   16:26    09.6   05:01     06.9     00.0    04.6   11.1     37.0    05:05     SSW
08    12.6    14.8   23:46   -08.6   17:46     05.7     00.0    00.0   03.9     20.4    23:45     SSE
09    12.0    14.1   01:16    08.5   08:45     06.3     00.0    05.7   06.0     35.1    07:30     SSE
10    11.7    14.4   14:00    09.3   07:02     06.6     00.0    03.1   04.7     20.4    17:09      SW
11    12.1    14.2   11:54    10.3   07:05     06.2     00.0    00.5   02.6     16.6    23:14     ESE
12    12.7    15.9   12:59    10.9   07:21     05.6     00.0    00.0   03.6     12.9    23:37     SSE
13    12.8    15.4   12:12    09.3   06:57     05.5     00.0    00.0   03.4     14.8    04:01     SSE
14    13.7    15.6   14:35    11.3   23:50     04.6     00.0    00.0   03.3     14.8    07:11     ESE
15    11.9    14.3   14:04    09.6   22:30     06.4     00.0    00.0   03.4     12.9    11:38      S 
16    10.9    13.8   14:15    09.0   04:43     07.4     00.0    00.0   03.8     14.8    22:57      SE
17    10.4    12.8   10:26    08.5   00:00     07.9     00.0    00.0   02.4     12.9    02:29      SE
18    11.1    13.6   14:44    08.5   00:04     07.2     00.0    00.0   03.6     20.4    11:20     SSW
19    11.7    13.8   13:16    09.8   00:42     06.6     00.0    00.0   01.5     09.3    13:17      SE
20    11.6    14.1   13:05   -08.8   11:24     06.7     00.0    00.0   03.2     20.4    22:40      S 
21    11.3    14.5   16:04    08.1   00:57     07.0     00.0    01.0   06.4     24.1    01:25     SSW
----------------------------------------------------------------------------------------------------------------------------------------------------------
12.7 (11.4)   21.6  day 05    -10.0  day 06   117.3    000.0   018.0   06.4     81.4   day 06     SSW
Min <=   30: 21
Min <=  -5: 3
Min <= -10: 1
Max Rain: 5.7 ON 9-02-17
Days of Rain: 6 (> .2mm) 4 (> 2mm) 0 (> 20mm)