Daily Noaa Report Mese


Daily NOAA report
                            MONTHLY CLIMATOLOGICAL SUMMARY for JUL. 2017

NAME:    CITY:  STATE: 
ELEV:  LAT:  LONG: 

                            TEMPERATURE ( ░C), RAIN (mm), WIND SPEED (kmh)

                                               HEAT     COOL           AVG
      MEAN                                     DEG      DEG            WIND                       DOM
DAY   TEMP    HIGH   TIME     LOW    TIME      DAYS     DAYS    RAIN   SPEED    HIGH    TIME      DIR
----------------------------------------------------------------------------------------------------------------------------------------------------------
01    25.0    28.3   10:18    23.4   23:52     00.0     06.7    00.0   06.4     22.2    15:13     ENE
02    23.9    25.5   13:55    22.5   09:41     00.0     05.6    00.0   07.9     22.2    19:13      W 
03    24.2    25.9   17:36    22.6   22:18     00.0     05.9    00.0   05.2     18.5    05:15      W 
04    24.6    27.4   15:31    21.4   06:01     00.0     06.3    00.0   04.4     14.8    15:01     SSW
05    24.7    27.2   18:38    21.4   05:42     00.0     06.4    00.0   05.1     14.8    15:56      E 
06    25.8    28.6   14:15    22.1   05:22     00.0     07.5    00.0   04.4     16.6    14:03      E 
07    26.1    29.3   17:05    22.4   03:40     00.0     07.8    00.0   04.8     16.6    14:36      E 
08    25.9    28.6   13:51    22.5   05:53     00.0     07.6    00.0   05.0     16.6    15:43      E 
09    26.5    29.2   15:59    22.8   03:33     00.0     08.2    00.0   04.4     14.8    14:55      E 
10    28.0    30.8   14:04    25.8   01:49     00.0     09.7    00.0   04.2     12.9    15:13     ESE
11    28.4    32.3   07:54    25.8   01:29     00.0     10.1    00.0   03.6     16.6    17:16      E 
12    29.1    34.5   16:02    00.0   02:11     00.0     10.8    00.0   05.7     20.4    17:16     WSW
13    27.2    30.6   17:06    24.8   04:11     00.0     08.9    00.0   07.6     27.8    06:22     WSW
14    26.9    28.5   16:43    24.9   06:16     00.0     08.6    00.0   06.7     25.9    16:38     WSW
15    26.0    28.9   17:22    23.1   06:12     00.0     07.7    00.0   04.5     16.6    16:28      E 
16    25.6    26.9   09:28    20.4   10:14     00.0     07.3    05.7   07.5     25.9    22:41     NNE
17    24.7    26.3   16:26    22.1   22:57     00.0     06.4    00.0   07.4     22.2    00:45     ENE
18    24.6    27.2   15:58    21.6   06:16     00.0     06.3    00.0   04.6     16.6    14:08     ESE
----------------------------------------------------------------------------------------------------------------------------------------------------------
26.0 (25.2)   34.5  day 12     00.0  day 12   000.0    137.7   005.7   05.5     27.8   day 13      E 
Max >=  30: 4
Min <=   30: 18
Max Rain: 5.7 ON 16-07-17
Days of Rain: 1 (> .2mm) 1 (> 2mm) 0 (> 20mm)