Daily Noaa Report Mese


Daily NOAA report
                            MONTHLY CLIMATOLOGICAL SUMMARY for APR. 2015

NAME: CEFALU'   CITY: Cefalů STATE: ITALIA
ELEV: 92 M LAT: 38.01  : LONG: 14.01

                            TEMPERATURE ( °C), RAIN (mm), WIND SPEED (kmh)

                                               HEAT     COOL           AVG
      MEAN                                     DEG      DEG            WIND                       DOM
DAY   TEMP    HIGH   TIME     LOW    TIME      DAYS     DAYS    RAIN   SPEED    HIGH    TIME      DIR
----------------------------------------------------------------------------------------------------------------------------------------------------------
01    15.8    18.4   07:25    12.1   00:33     02.5     00.0    00.0   13.9     37.0    16:41     WSW
02    13.3    15.2   15:12    11.2   05:29     05.0     00.0    00.0   05.1     22.2    02:39      SW
03    13.3    15.1   16:15    11.2   23:17     05.0     00.0    00.0   05.5     20.4    12:20     WSW
04    14.5    18.2   17:02    10.3   03:07     03.8     00.0    00.0   04.8     33.3    00:00      S 
05    15.4    18.1   12:10    12.8   23:57     02.9     00.0    00.0   16.1     40.7    01:23     WSW
06    12.0    13.2   15:33    10.5   08:09     06.3     00.0    00.0   16.9     42.5    08:42     WSW
07    10.4    11.6   04:13    07.6   23:59     07.9     00.0    00.5   08.8     38.9    23:33     ENE
08    10.5    12.3   17:40    06.2   01:45     07.8     00.0    01.0   11.8     33.3    12:35     ENE
09    12.1    13.8   12:20    09.6   23:54     06.2     00.0    00.0   08.5     29.6    02:56     ENE
10    12.1    15.4   14:07    08.4   06:39     06.2     00.0    00.0   04.9     16.6    05:29      SE
11    12.7    15.5   14:17    09.9   03:11     05.6     00.0    00.0   04.3     16.6    15:14     ESE
12    13.8    16.3   14:48    11.2   23:52     04.5     00.0    00.0   04.6     16.6    18:02      E 
13    12.8    15.3   16:07    10.5   06:44     05.5     00.0    00.0   03.1     16.6    14:53      E 
15    14.7    17.3   16:07    10.8   06:15     03.6     00.0    00.0   04.3     14.8    13:24      E 
16    15.8    18.6   15:17    12.8   03:09     02.5     00.0    00.0   04.2     16.6    13:40      E 
17    18.6    24.1   15:39    15.0   04:38     00.0     00.3    00.0   03.8     14.8    12:41      E 
18    16.4    18.8   13:28    13.3   02:05     01.9     00.0    00.0   05.6     16.6    15:42      E 
19    15.9    18.4   14:15    13.5   03:32     02.4     00.0    00.0   04.8     22.2    10:48      SE
----------------------------------------------------------------------------------------------------------------------------------------------------------
13.9 (13.7)   24.1  day 17     06.2  day 08   079.5    000.3   001.5   07.3     42.6   day 06     SSW
Min <=   30: 18
Max Rain: 1.0 ON 8-04-15
Days of Rain: 2 (> .2mm) 0 (> 2mm) 0 (> 20mm)