Daily Noaa Report Mese


Daily NOAA report
                            MONTHLY CLIMATOLOGICAL SUMMARY for DEC. 2018

NAME:    CITY:  STATE: 
ELEV:  LAT:  LONG: 

                            TEMPERATURE ( ░C), RAIN (mm), WIND SPEED (kmh)

                                               HEAT     COOL           AVG
      MEAN                                     DEG      DEG            WIND                       DOM
DAY   TEMP    HIGH   TIME     LOW    TIME      DAYS     DAYS    RAIN   SPEED    HIGH    TIME      DIR
----------------------------------------------------------------------------------------------------------------------------------------------------------
01    14.4    16.9   12:27    12.2   00:23     03.9     00.0    00.0   03.0     24.1    15:11     SSE
02    14.4    17.3   14:24    12.5   04:40     03.9     00.0    15.5   04.2     14.8    20:40      S 
03    15.0    17.0   13:49    13.3   21:27     03.3     00.0    00.0   07.4     20.4    03:00     SSW
04    16.5    18.1   12:08    15.2   00:04     01.8     00.0    00.0   12.7     33.3    12:22      SW
05    15.4    17.6   12:30    12.8   00:00     02.9     00.0    00.0   05.3     18.5    11:02      S 
06    14.0    16.7   13:40    11.9   08:40     04.3     00.0    00.0   02.5     11.1    00:51      SE
07    14.9    16.9   13:19    13.5   17:44     03.4     00.0    00.0   04.7     18.5    10:46     SSW
08    15.4    17.0   12:40    14.4   17:13     02.9     00.0    00.0   14.2     33.3    17:55      SW
09    15.4    17.3   19:23    14.1   08:40     02.9     00.0    00.0   17.6     50.0    19:35      SW
10    15.0    16.1   03:40    11.9   23:59     03.3     00.0    00.0   19.0     40.7    20:52     WSW
11    13.7    15.5   14:58    11.1   22:37     04.6     00.0    00.5   12.3     35.1    00:15      SW
12    13.6    16.0   13:36    12.0   07:40     04.7     00.0    00.0   12.9     31.4    21:58     SSW
13    15.3    18.2   13:13    12.1   02:40     03.0     00.0    00.0   09.5     27.8    09:42     SSW
14    15.6    17.9   12:25    13.4   05:40     02.7     00.0    00.0   03.9     20.4    23:23      S 
15    12.7    15.3   00:03    10.5   07:40     05.6     00.0    33.2   13.9     38.9    18:44      SW
16    12.1    14.1   00:00    11.3   00:32     06.2     00.0    00.0   07.7     29.6    00:33      SW
17    15.3    18.4   12:00    10.9   23:50     03.0     00.0    03.1   23.8     50.0    12:57     SSW
----------------------------------------------------------------------------------------------------------------------------------------------------------
14.6 (14.7)   18.4  day 17     10.4  day 18   062.5    000.0   052.8   10.3     50.0   day 17      SW
Min <=   30: 17
Max Rain: 33.2 ON 15-12-18
Days of Rain: 4 (> .2mm) 3 (> 2mm) 1 (> 20mm)