Daily Noaa Report Mese


Daily NOAA report
                            MONTHLY CLIMATOLOGICAL SUMMARY for OCT. 2018

NAME:    CITY:  STATE: 
ELEV:  LAT:  LONG: 

                            TEMPERATURE ( ░C), RAIN (mm), WIND SPEED (kmh)

                                               HEAT     COOL           AVG
      MEAN                                     DEG      DEG            WIND                       DOM
DAY   TEMP    HIGH   TIME     LOW    TIME      DAYS     DAYS    RAIN   SPEED    HIGH    TIME      DIR
----------------------------------------------------------------------------------------------------------------------------------------------------------
01    21.4    24.8   12:59    18.3   06:40     00.0     03.1    00.0   05.4     25.9    23:17     SSE
02    20.1    22.4   00:22    16.9   23:30     00.0     01.8    02.5   08.0     20.4    11:54     SSW
03    18.3    21.3   13:20    16.2   06:41     00.0     00.0    16.1   02.7     11.1    16:40     ESE
04    18.5    21.3   11:40    16.4   07:40     00.0     00.2    03.0   03.8     22.2    22:48     SSE
05    20.3    25.3   15:39    16.4   02:40     00.0     02.0    00.5   03.8     14.8    16:32      SE
06    21.0    23.8   14:14    18.0   05:40     00.0     02.7    00.0   04.7     16.6    14:37      SE
08    20.8    23.3   14:40    18.5   08:40     00.0     02.5    00.0   03.6     11.1    00:09      E 
09    20.1    22.9   14:40    18.1   05:40     00.0     01.8    00.0   02.3     07.4    00:00     ESE
10    20.4    23.1   13:40    18.3   06:40     00.0     02.1    00.0   04.1     09.3    06:40      SE
11    21.1    23.6   14:40    18.7   07:40     00.0     02.8    00.0   04.7     11.1    15:40     ESE
12    21.5    22.4   15:40    20.1   01:40     00.0     03.2    00.0   03.0     09.3    14:40     ESE
13    20.8    22.1   16:40    19.2   20:40     00.0     02.5    00.0   01.7     05.5    13:40      SE
14    19.1    21.1   13:40    17.3   00:00     00.0     00.8    01.0   02.2     12.9    15:40      E 
15    19.4    22.3   14:44    16.8   05:40     00.0     01.1    03.1   04.2     18.5    10:13      S 
16    20.7    23.0   12:41    18.2   07:40     00.0     02.4    03.1   04.0     12.9    13:52      SE
----------------------------------------------------------------------------------------------------------------------------------------------------------
20.2 (20.3)   25.3  day 05     16.2  day 03   000.0    029.1   026.7   03.9     25.9   day 01      SE
Min <=   30: 15
Max Rain: 16.1 ON 3-10-18
Days of Rain: 7 (> .2mm) 5 (> 2mm) 0 (> 20mm)