Crea sito
Daily Noaa Report Mese


Daily NOAA report
                            MONTHLY CLIMATOLOGICAL SUMMARY for DEC. 2014

NAME: CEFALU'   CITY: Cefalů STATE: ITALIA
ELEV: 92 M LAT: 38.01  : LONG: 14.01

                            TEMPERATURE ( °C), RAIN (mm), WIND SPEED (kmh)

                                               HEAT     COOL           AVG
      MEAN                                     DEG      DEG            WIND                       DOM
DAY   TEMP    HIGH   TIME     LOW    TIME      DAYS     DAYS    RAIN   SPEED    HIGH    TIME      DIR
----------------------------------------------------------------------------------------------------------------------------------------------------------
01    21.3    25.8   00:02    17.9   20:24     00.0     03.0    01.0   09.7     38.9    01:52      SW
02    18.7    22.1   12:13    16.4   23:42     00.0     00.4    00.0   06.3     42.5    02:15     SSW
03    17.3    19.4   14:06    14.3   22:00     01.0     00.0    00.0   04.6     25.9    15:46     SSW
04    16.1    18.8   11:51    13.9   07:17     02.2     00.0    00.0   03.5     12.9    20:00      S 
05    15.9    17.5   10:26    12.9   11:27     02.4     00.0    04.1   09.7     38.9    11:21      SW
06    15.5    17.5   12:07    13.9   23:16     02.8     00.0    00.5   19.9     40.7    02:17      SW
07    13.7    16.6   12:09    09.9   19:54     04.6     00.0    09.3   10.9     33.3    19:10     SSW
08    13.4    15.1   15:08    10.8   00:13     04.9     00.0    07.2   08.1     27.8    12:41      SW
09    12.9    15.1   12:56    10.5   23:22     05.4     00.0    06.7   07.8     31.4    04:39     SSW
10    13.2    15.1   12:20    10.7   04:22     05.1     00.0    02.0   05.4     25.9    08:08      E 
11    13.4    15.1   12:12   -30.0   17:31     04.9     00.0    00.5   04.5     20.4    22:42      S 
12    13.9    16.4   12:51    11.5   00:00     04.4     00.0    00.0   04.9     25.9    03:06      SW
13    12.5    15.5   12:08    10.1   04:00     05.8     00.0    00.0   02.2     12.9    01:07     SSE
14    13.9    17.3   13:47    11.6   07:08     04.4     00.0    00.0   05.0     16.6    18:06      S 
15    15.3    17.4   12:07    12.8   01:05     03.0     00.0    00.0   03.0     14.8    00:05      S 
16    15.9    18.5   13:34    13.1   21:49     02.4     00.0    00.0   07.5     35.1    14:50      SW
17    15.1    17.4   13:27    13.0   07:50     03.2     00.0    00.0   08.5     37.0    23:48      SW
18    14.2    16.1   12:40    12.6   22:39     04.1     00.0    01.0   11.9     37.0    01:08     SSW
19    14.1    16.5   14:18    12.4   21:18     04.2     00.0    00.0   06.2     20.4    03:36     SSW
20    14.7    17.5   14:14    12.1   04:29     03.6     00.0    00.0   06.2     25.9    20:32     SSW
21    15.0    16.6   13:35    13.1   19:56     03.3     00.0    00.0   07.4     22.2    04:47      SW
22    13.7    16.2   12:55    11.3   22:56     04.6     00.0    00.0   06.4     20.4    00:16     SSW
----------------------------------------------------------------------------------------------------------------------------------------------------------
15.0 (14.1)   25.8  day 01    -30.0  day 11   076.1    003.4   032.3   07.3     42.6   day 17     SSW
Min <=   30: 22
Min <= -18: 1
Min <=  -5: 1
Min <= -10: 1
Min <= -15: 1
Min <= -20: 1
Min <= -25: 1
Max Rain: 9.3 ON 7-12-14
Days of Rain: 9 (> .2mm) 5 (> 2mm) 0 (> 20mm)