Daily Noaa Report Mese


Daily NOAA report
                            MONTHLY CLIMATOLOGICAL SUMMARY for AUG. 2018

NAME:    CITY:  STATE: 
ELEV:  LAT:  LONG: 

                            TEMPERATURE ( ░C), RAIN (mm), WIND SPEED (kmh)

                                               HEAT     COOL           AVG
      MEAN                                     DEG      DEG            WIND                       DOM
DAY   TEMP    HIGH   TIME     LOW    TIME      DAYS     DAYS    RAIN   SPEED    HIGH    TIME      DIR
----------------------------------------------------------------------------------------------------------------------------------------------------------
01    26.7    29.5   16:34    23.9   05:40     00.0     08.4    00.0   03.5     14.8    16:50     ESE
02    27.3    30.1   16:22    24.9   07:40     00.0     09.0    00.0   03.8     12.9    15:34      E 
03    27.1    29.5   16:25    25.3   07:40     00.0     08.8    00.0   03.6     12.9    15:14      E 
04    26.4    29.5   14:40    24.3   23:58     00.0     08.1    00.0   04.0     27.8    18:21     ESE
05    25.7    29.5   13:26    21.9   16:54     00.0     07.4    08.8   04.4     40.7    16:10     SSE
06    26.0    28.7   13:31    23.0   00:34     00.0     07.7    00.0   04.3     31.4    18:24      SE
07    26.5    29.2   14:47    23.9   06:40     00.0     08.2    00.0   04.4     25.9    20:46      E 
08    26.2    28.5   10:00    22.5   13:02     00.0     07.9    07.8   02.4     20.4    12:09     SSE
09    26.7    29.1   14:35    24.1   06:40     00.0     08.4    00.0   03.7     16.6    16:21      E 
10    27.0    29.3   16:48    24.4   06:40     00.0     08.7    00.0   04.1     16.6    14:39      E 
11    26.7    28.9   14:05    24.4   07:40     00.0     08.4    00.0   03.2     14.8    15:46     ENE
12    26.7    29.4   13:04    24.4   07:40     00.0     08.4    00.0   03.7     16.6    13:43      E 
13    26.7    29.2   12:37    24.6   02:01     00.0     08.4    00.0   03.7     14.8    17:34      E 
14    26.7    28.9   13:49    23.9   07:40     00.0     08.4    00.0   04.1     20.4    18:17     SSE
15    25.4    27.3   14:40    21.6   20:54     00.0     07.1    06.2   06.4     27.8    15:29     SSW
----------------------------------------------------------------------------------------------------------------------------------------------------------
26.5 (26.5)   30.1  day 02     21.6  day 15   000.0    123.3   022.8   04.0     40.7   day 05     ESE
Max >=  30: 1
Min <=   30: 15
Max Rain: 8.8 ON 5-08-18
Days of Rain: 3 (> .2mm) 3 (> 2mm) 0 (> 20mm)